{"id":9603,"date":"2022-03-07T10:23:40","date_gmt":"2022-03-07T09:23:40","guid":{"rendered":"https:\/\/turismocoria.es\/turismo\/?post_type=tribe_events&#038;p=9601"},"modified":"2023-02-01T10:51:47","modified_gmt":"2023-02-01T09:51:47","slug":"vi-feria-internacional-del-toro-ciudad-de-coria-fitcoria","status":"publish","type":"tribe_events","link":"https:\/\/turismocoria.es\/turismo\/evento\/vi-feria-internacional-del-toro-ciudad-de-coria-fitcoria\/","title":{"rendered":"VII Feria Internacional del Toro Ciudad de Coria &#8220;FITCORIA&#8221;"},"content":{"rendered":"<div class=\"tribe-events-schedule tribe-clearfix\">\n\t<h2 class=\"tribe-events-schedule__datetime\">\n\t\t<span class=\"tribe-events-schedule__date tribe-events-schedule__date--start\">\n\t\t\t10 03 2023\t\t<\/span>\n\n\t\t\n\t\t\t\t\t\t\t\t\t<span class=\"tribe-events-schedule__separator tribe-events-schedule__separator--time\">\n\t\t\t\t\t &#8211; \t\t\t\t<\/span>\n\t\t\t\n\t\t\t\t\t\t\t<span class=\"tribe-events-schedule__date tribe-events-schedule__date--end\">\n\t\t\t\t\t12 03 2023\t\t\t\t<\/span>\n\n\t\t\t\t\n\t\t\t\n\t\t\t\t\t\t<\/h2>\n<\/div>\n\n\n\n<p>El punto de encuentro entre los profesionales y los amantes al mundo del toro y la tauromaquia.<\/p>\n\n\n<figure class=\"wp-block-post-featured-image\"><img loading=\"lazy\" decoding=\"async\" width=\"1381\" height=\"1080\" data-src=\"https:\/\/turismocoria.es\/turismo\/wp-content\/uploads\/2021\/05\/fit-coria-09.jpg\" class=\"attachment-post-thumbnail size-post-thumbnail wp-post-image lazyload\" alt=\"Feria Internacional del Toro de Coria\" style=\"--smush-placeholder-width: 1381px; --smush-placeholder-aspect-ratio: 1381\/1080;object-fit:cover;\" data-srcset=\"https:\/\/turismocoria.es\/turismo\/wp-content\/uploads\/2021\/05\/fit-coria-09.jpg 1381w, https:\/\/turismocoria.es\/turismo\/wp-content\/uploads\/2021\/05\/fit-coria-09-300x235.jpg 300w, https:\/\/turismocoria.es\/turismo\/wp-content\/uploads\/2021\/05\/fit-coria-09-1024x801.jpg 1024w, https:\/\/turismocoria.es\/turismo\/wp-content\/uploads\/2021\/05\/fit-coria-09-768x601.jpg 768w\" data-sizes=\"(max-width: 1381px) 100vw, 1381px\" src=\"data:image\/gif;base64,R0lGODlhAQABAAAAACH5BAEKAAEALAAAAAABAAEAAAICTAEAOw==\" \/><noscript><img loading=\"lazy\" decoding=\"async\" width=\"1381\" height=\"1080\" src=\"https:\/\/turismocoria.es\/turismo\/wp-content\/uploads\/2021\/05\/fit-coria-09.jpg\" class=\"attachment-post-thumbnail size-post-thumbnail wp-post-image\" alt=\"Feria Internacional del Toro de Coria\" style=\"object-fit:cover;\" srcset=\"https:\/\/turismocoria.es\/turismo\/wp-content\/uploads\/2021\/05\/fit-coria-09.jpg 1381w, https:\/\/turismocoria.es\/turismo\/wp-content\/uploads\/2021\/05\/fit-coria-09-300x235.jpg 300w, https:\/\/turismocoria.es\/turismo\/wp-content\/uploads\/2021\/05\/fit-coria-09-1024x801.jpg 1024w, https:\/\/turismocoria.es\/turismo\/wp-content\/uploads\/2021\/05\/fit-coria-09-768x601.jpg 768w\" sizes=\"(max-width: 1381px) 100vw, 1381px\" \/><\/noscript><\/figure>\n\n\n<p>La Feria Internacional del Toro, es un evento taurino, de car\u00e1cter tur\u00edstico-cultural y socio-econ\u00f3mico, que ha alcanzado un importante \u00e9xito de participaci\u00f3n de visitantes, lo que ha convertido a la Ciudad de Coria en la capital del Mundo del Toro durante la celebraci\u00f3n de la misma a mediados del mes de marzo.<\/p>\n\n\n\n<p>M\u00e1s informaci\u00f3n en la Web Oficial de FitCoria 2023: <a rel=\"noreferrer noopener\" href=\"https:\/\/turismocoria.es\/fit\" target=\"_blank\">https:\/\/turismocoria.es\/fit<\/a><\/p>\n\n\n\n<div class=\"wp-block-columns is-layout-flex wp-container-core-columns-is-layout-1 wp-block-columns-is-layout-flex\">\n<div class=\"wp-block-column is-layout-flow wp-block-column-is-layout-flow\"><\/div>\n\n\n\n<div class=\"wp-block-column is-layout-flow wp-block-column-is-layout-flow\"><\/div>\n<\/div>\n\n\n\n<div class=\"wp-block-columns are-vertically-aligned-center is-layout-flex wp-container-core-columns-is-layout-2 wp-block-columns-is-layout-flex\">\n<div class=\"wp-block-column is-vertically-aligned-center is-layout-flow wp-block-column-is-layout-flow\" style=\"flex-basis:80%\"><\/div>\n<\/div>\n","protected":false},"excerpt":{"rendered":"<p>La Feria Internacional del Toro, es un evento taurino, de car\u00e1cter tur\u00edstico-cultural y socio-econ\u00f3mico, que ha alcanzado un importante \u00e9xito de participaci\u00f3n de visitantes, lo que ha convertido a la Ciudad de Coria en la capital del Mundo del Toro durante la celebraci\u00f3n de la misma a mediados del mes de marzo.<\/p>\n","protected":false},"author":4,"featured_media":2480,"comment_status":"closed","ping_status":"closed","template":"","meta":{"_uag_custom_page_level_css":"","site-sidebar-layout":"default","site-content-layout":"","ast-site-content-layout":"default","site-content-style":"default","site-sidebar-style":"default","ast-global-header-display":"","ast-banner-title-visibility":"","ast-main-header-display":"","ast-hfb-above-header-display":"","ast-hfb-below-header-display":"","ast-hfb-mobile-header-display":"","site-post-title":"","ast-breadcrumbs-content":"","ast-featured-img":"","footer-sml-layout":"","theme-transparent-header-meta":"","adv-header-id-meta":"","stick-header-meta":"","header-above-stick-meta":"","header-main-stick-meta":"","header-below-stick-meta":"","astra-migrate-meta-layouts":"set","ast-page-background-enabled":"default","ast-page-background-meta":{"desktop":{"background-color":"","background-image":"","background-repeat":"repeat","background-position":"center center","background-size":"auto","background-attachment":"scroll","background-type":"","background-media":"","overlay-type":"","overlay-color":"","overlay-opacity":"","overlay-gradient":""},"tablet":{"background-color":"","background-image":"","background-repeat":"repeat","background-position":"center center","background-size":"auto","background-attachment":"scroll","background-type":"","background-media":"","overlay-type":"","overlay-color":"","overlay-opacity":"","overlay-gradient":""},"mobile":{"background-color":"","background-image":"","background-repeat":"repeat","background-position":"center center","background-size":"auto","background-attachment":"scroll","background-type":"","background-media":"","overlay-type":"","overlay-color":"","overlay-opacity":"","overlay-gradient":""}},"ast-content-background-meta":{"desktop":{"background-color":"var(--ast-global-color-5)","background-image":"","background-repeat":"repeat","background-position":"center center","background-size":"auto","background-attachment":"scroll","background-type":"","background-media":"","overlay-type":"","overlay-color":"","overlay-opacity":"","overlay-gradient":""},"tablet":{"background-color":"var(--ast-global-color-5)","background-image":"","background-repeat":"repeat","background-position":"center center","background-size":"auto","background-attachment":"scroll","background-type":"","background-media":"","overlay-type":"","overlay-color":"","overlay-opacity":"","overlay-gradient":""},"mobile":{"background-color":"var(--ast-global-color-5)","background-image":"","background-repeat":"repeat","background-position":"center center","background-size":"auto","background-attachment":"scroll","background-type":"","background-media":"","overlay-type":"","overlay-color":"","overlay-opacity":"","overlay-gradient":""}},"_EventAllDay":true,"_EventTimezone":"Europe\/Madrid","_EventStartDate":"2023-03-10 00:00:00","_EventEndDate":"2023-03-12 23:59:59","_EventStartDateUTC":"2023-03-09 23:00:00","_EventEndDateUTC":"2023-03-12 22:59:59","_EventShowMap":false,"_EventShowMapLink":false,"_EventURL":"","_EventCost":"","_EventCostDescription":"","_EventCurrencySymbol":"\u20ac","_EventCurrencyCode":"","_EventCurrencyPosition":"suffix","_EventDateTimeSeparator":"-","_EventTimeRangeSeparator":" - ","_EventOrganizerID":[],"_EventVenueID":0,"_OrganizerEmail":"","_OrganizerPhone":"","_OrganizerWebsite":"","_VenueAddress":"","_VenueCity":"","_VenueCountry":"","_VenueProvince":"","_VenueZip":"","_VenuePhone":"","_VenueURL":"","_VenueStateProvince":"","_VenueLat":"","_VenueLng":"","_tribe_events_status":"","_tribe_events_status_reason":"","footnotes":""},"tags":[],"tribe_events_cat":[],"class_list":["post-9603","tribe_events","type-tribe_events","status-publish","has-post-thumbnail","hentry"],"uagb_featured_image_src":{"full":["https:\/\/turismocoria.es\/turismo\/wp-content\/uploads\/2021\/05\/fit-coria-09.jpg",1381,1080,false],"thumbnail":["https:\/\/turismocoria.es\/turismo\/wp-content\/uploads\/2021\/05\/fit-coria-09-150x150.jpg",150,150,true],"medium":["https:\/\/turismocoria.es\/turismo\/wp-content\/uploads\/2021\/05\/fit-coria-09-300x235.jpg",300,235,true],"medium_large":["https:\/\/turismocoria.es\/turismo\/wp-content\/uploads\/2021\/05\/fit-coria-09-768x601.jpg",768,601,true],"large":["https:\/\/turismocoria.es\/turismo\/wp-content\/uploads\/2021\/05\/fit-coria-09-1024x801.jpg",1024,801,true],"gs-tiny":["https:\/\/turismocoria.es\/turismo\/wp-content\/uploads\/2021\/05\/fit-coria-09.jpg",50,39,false],"xl":["https:\/\/turismocoria.es\/turismo\/wp-content\/uploads\/2021\/05\/fit-coria-09.jpg",1381,1080,false],"xxl":["https:\/\/turismocoria.es\/turismo\/wp-content\/uploads\/2021\/05\/fit-coria-09.jpg",1381,1080,false],"xxxl":["https:\/\/turismocoria.es\/turismo\/wp-content\/uploads\/2021\/05\/fit-coria-09.jpg",1381,1080,false],"xxxxl":["https:\/\/turismocoria.es\/turismo\/wp-content\/uploads\/2021\/05\/fit-coria-09.jpg",1381,1080,false],"xxxxxl":["https:\/\/turismocoria.es\/turismo\/wp-content\/uploads\/2021\/05\/fit-coria-09.jpg",1381,1080,false],"1536x1536":["https:\/\/turismocoria.es\/turismo\/wp-content\/uploads\/2021\/05\/fit-coria-09.jpg",1381,1080,false],"2048x2048":["https:\/\/turismocoria.es\/turismo\/wp-content\/uploads\/2021\/05\/fit-coria-09.jpg",1381,1080,false],"ultp_layout_landscape_large":["https:\/\/turismocoria.es\/turismo\/wp-content\/uploads\/2021\/05\/fit-coria-09-1200x800.jpg",1200,800,true],"ultp_layout_landscape":["https:\/\/turismocoria.es\/turismo\/wp-content\/uploads\/2021\/05\/fit-coria-09-870x570.jpg",870,570,true],"ultp_layout_portrait":["https:\/\/turismocoria.es\/turismo\/wp-content\/uploads\/2021\/05\/fit-coria-09-600x900.jpg",600,900,true],"ultp_layout_square":["https:\/\/turismocoria.es\/turismo\/wp-content\/uploads\/2021\/05\/fit-coria-09-600x600.jpg",600,600,true],"gb-block-post-grid-landscape":["https:\/\/turismocoria.es\/turismo\/wp-content\/uploads\/2021\/05\/fit-coria-09-600x400.jpg",600,400,true],"gb-block-post-grid-square":["https:\/\/turismocoria.es\/turismo\/wp-content\/uploads\/2021\/05\/fit-coria-09-600x600.jpg",600,600,true]},"uagb_author_info":{"display_name":"Oficina Turismo","author_link":"https:\/\/turismocoria.es\/turismo\/author\/oficina\/"},"uagb_comment_info":0,"uagb_excerpt":"La Feria Internacional del Toro, es un evento taurino, de car\u00e1cter tur\u00edstico-cultural y socio-econ\u00f3mico, que ha alcanzado un importante \u00e9xito de participaci\u00f3n de visitantes, lo que ha convertido a la Ciudad de Coria en la capital del Mundo del Toro durante la celebraci\u00f3n de la misma a mediados del mes de marzo.","_links":{"self":[{"href":"https:\/\/turismocoria.es\/turismo\/wp-json\/wp\/v2\/tribe_events\/9603"}],"collection":[{"href":"https:\/\/turismocoria.es\/turismo\/wp-json\/wp\/v2\/tribe_events"}],"about":[{"href":"https:\/\/turismocoria.es\/turismo\/wp-json\/wp\/v2\/types\/tribe_events"}],"author":[{"embeddable":true,"href":"https:\/\/turismocoria.es\/turismo\/wp-json\/wp\/v2\/users\/4"}],"replies":[{"embeddable":true,"href":"https:\/\/turismocoria.es\/turismo\/wp-json\/wp\/v2\/comments?post=9603"}],"version-history":[{"count":1,"href":"https:\/\/turismocoria.es\/turismo\/wp-json\/wp\/v2\/tribe_events\/9603\/revisions"}],"predecessor-version":[{"id":10239,"href":"https:\/\/turismocoria.es\/turismo\/wp-json\/wp\/v2\/tribe_events\/9603\/revisions\/10239"}],"wp:featuredmedia":[{"embeddable":true,"href":"https:\/\/turismocoria.es\/turismo\/wp-json\/wp\/v2\/media\/2480"}],"wp:attachment":[{"href":"https:\/\/turismocoria.es\/turismo\/wp-json\/wp\/v2\/media?parent=9603"}],"wp:term":[{"taxonomy":"post_tag","embeddable":true,"href":"https:\/\/turismocoria.es\/turismo\/wp-json\/wp\/v2\/tags?post=9603"},{"taxonomy":"tribe_events_cat","embeddable":true,"href":"https:\/\/turismocoria.es\/turismo\/wp-json\/wp\/v2\/tribe_events_cat?post=9603"}],"curies":[{"name":"wp","href":"https:\/\/api.w.org\/{rel}","templated":true}]}}

<div class="tribe-events-schedule tribe-clearfix">
	<h2 class="tribe-events-schedule__datetime">
		<span class="tribe-events-schedule__date tribe-events-schedule__date--start">
			10 03 2023		</span>

		
									<span class="tribe-events-schedule__separator tribe-events-schedule__separator--time">
					 &#8211; 				</span>
			
							<span class="tribe-events-schedule__date tribe-events-schedule__date--end">
					12 03 2023				</span>

				
			
						</h2>
</div>



<p>El punto de encuentro entre los profesionales y los amantes al mundo del toro y la tauromaquia.</p>


<figure class="wp-block-post-featured-image"><img loading="lazy" decoding="async" width="1381" height="1080" data-src="https://turismocoria.es/turismo/wp-content/uploads/2021/05/fit-coria-09.jpg" class="attachment-post-thumbnail size-post-thumbnail wp-post-image lazyload" alt="Feria Internacional del Toro de Coria" style="--smush-placeholder-width: 1381px; --smush-placeholder-aspect-ratio: 1381/1080;object-fit:cover;" data-srcset="https://turismocoria.es/turismo/wp-content/uploads/2021/05/fit-coria-09.jpg 1381w, https://turismocoria.es/turismo/wp-content/uploads/2021/05/fit-coria-09-300x235.jpg 300w, https://turismocoria.es/turismo/wp-content/uploads/2021/05/fit-coria-09-1024x801.jpg 1024w, https://turismocoria.es/turismo/wp-content/uploads/2021/05/fit-coria-09-768x601.jpg 768w" data-sizes="(max-width: 1381px) 100vw, 1381px" src="data:image/gif;base64,R0lGODlhAQABAAAAACH5BAEKAAEALAAAAAABAAEAAAICTAEAOw==" /><noscript><img loading="lazy" decoding="async" width="1381" height="1080" src="https://turismocoria.es/turismo/wp-content/uploads/2021/05/fit-coria-09.jpg" class="attachment-post-thumbnail size-post-thumbnail wp-post-image" alt="Feria Internacional del Toro de Coria" style="object-fit:cover;" srcset="https://turismocoria.es/turismo/wp-content/uploads/2021/05/fit-coria-09.jpg 1381w, https://turismocoria.es/turismo/wp-content/uploads/2021/05/fit-coria-09-300x235.jpg 300w, https://turismocoria.es/turismo/wp-content/uploads/2021/05/fit-coria-09-1024x801.jpg 1024w, https://turismocoria.es/turismo/wp-content/uploads/2021/05/fit-coria-09-768x601.jpg 768w" sizes="(max-width: 1381px) 100vw, 1381px" /></noscript></figure>


<p>La Feria Internacional del Toro, es un evento taurino, de carácter turístico-cultural y socio-económico, que ha alcanzado un importante éxito de participación de visitantes, lo que ha convertido a la Ciudad de Coria en la capital del Mundo del Toro durante la celebración de la misma a mediados del mes de marzo.</p>



<p>Más información en la Web Oficial de FitCoria 2023: <a rel="noreferrer noopener" href="https://turismocoria.es/fit" target="_blank">https://turismocoria.es/fit</a></p>



<div class="wp-block-columns is-layout-flex wp-container-core-columns-is-layout-1 wp-block-columns-is-layout-flex">
<div class="wp-block-column is-layout-flow wp-block-column-is-layout-flow"></div>



<div class="wp-block-column is-layout-flow wp-block-column-is-layout-flow"></div>
</div>



<div class="wp-block-columns are-vertically-aligned-center is-layout-flex wp-container-core-columns-is-layout-2 wp-block-columns-is-layout-flex">
<div class="wp-block-column is-vertically-aligned-center is-layout-flow wp-block-column-is-layout-flow" style="flex-basis:80%"></div>
</div>

<p>La Feria Internacional del Toro, es un evento taurino, de carácter turístico-cultural y socio-económico, que ha alcanzado un importante éxito de participación de visitantes, lo que ha convertido a la Ciudad de Coria en la capital del Mundo del Toro durante la celebración de la misma a mediados del mes de marzo.</p>

La Feria Internacional del Toro, es un evento taurino, de carácter turístico-cultural y socio-económico, que ha alcanzado un importante éxito de participación de visitantes, lo que ha convertido a la Ciudad de Coria en la capital del Mundo del Toro durante la celebración de la misma a mediados del mes de marzo.
