{"id":753,"date":"2021-02-12T18:49:52","date_gmt":"2021-02-12T17:49:52","guid":{"rendered":"https:\/\/turismo.beta.coriaenimagenes.com\/?page_id=753"},"modified":"2021-12-22T11:00:08","modified_gmt":"2021-12-22T10:00:08","slug":"parajes-para-pasear","status":"publish","type":"page","link":"https:\/\/turismocoria.es\/turismo\/parajes-para-pasear\/","title":{"rendered":"Parajes para pasear"},"content":{"rendered":"\n<div style=\"height:20px\" aria-hidden=\"true\" class=\"wp-block-spacer\"><\/div>\n\n\n\n<div class=\"wp-block-cover is-light\"><span aria-hidden=\"true\" class=\"wp-block-cover__gradient-background has-background-dim\"><\/span><img loading=\"lazy\" decoding=\"async\" width=\"945\" height=\"709\" class=\"wp-block-cover__image-background wp-image-1916 lazyload\" alt=\"\" data-src=\"https:\/\/turismocoria.es\/turismo\/wp-content\/uploads\/2021\/05\/paseo-fluvial-del-tamujal-coria-10.jpg\" style=\"--smush-placeholder-width: 945px; --smush-placeholder-aspect-ratio: 945\/709;object-position:50% 90%\" data-object-fit=\"cover\" data-object-position=\"50% 90%\" data-srcset=\"https:\/\/turismocoria.es\/turismo\/wp-content\/uploads\/2021\/05\/paseo-fluvial-del-tamujal-coria-10.jpg 945w, https:\/\/turismocoria.es\/turismo\/wp-content\/uploads\/2021\/05\/paseo-fluvial-del-tamujal-coria-10-300x225.jpg 300w, https:\/\/turismocoria.es\/turismo\/wp-content\/uploads\/2021\/05\/paseo-fluvial-del-tamujal-coria-10-768x576.jpg 768w\" data-sizes=\"(max-width: 945px) 100vw, 945px\" src=\"data:image\/gif;base64,R0lGODlhAQABAAAAACH5BAEKAAEALAAAAAABAAEAAAICTAEAOw==\" \/><noscript><img loading=\"lazy\" decoding=\"async\" width=\"945\" height=\"709\" class=\"wp-block-cover__image-background wp-image-1916\" alt=\"\" src=\"https:\/\/turismocoria.es\/turismo\/wp-content\/uploads\/2021\/05\/paseo-fluvial-del-tamujal-coria-10.jpg\" style=\"object-position:50% 90%\" data-object-fit=\"cover\" data-object-position=\"50% 90%\" srcset=\"https:\/\/turismocoria.es\/turismo\/wp-content\/uploads\/2021\/05\/paseo-fluvial-del-tamujal-coria-10.jpg 945w, https:\/\/turismocoria.es\/turismo\/wp-content\/uploads\/2021\/05\/paseo-fluvial-del-tamujal-coria-10-300x225.jpg 300w, https:\/\/turismocoria.es\/turismo\/wp-content\/uploads\/2021\/05\/paseo-fluvial-del-tamujal-coria-10-768x576.jpg 768w\" sizes=\"(max-width: 945px) 100vw, 945px\" \/><\/noscript><div class=\"wp-block-cover__inner-container is-layout-flow wp-block-cover-is-layout-flow\">\n<h1 class=\"has-text-align-center has-ast-global-color-5-color has-text-color wp-block-heading\" id=\"parajes-para-pasear\"><em>Parajes para pasear<\/em><\/h1>\n<\/div><\/div>\n\n\n\n<div style=\"height:20px\" aria-hidden=\"true\" class=\"wp-block-spacer\"><\/div>\n\n\n\n<div class=\"wp-block-columns margen-izquierdo-50 margen-derecho-50 margin-top-50 is-layout-flex wp-container-core-columns-is-layout-1 wp-block-columns-is-layout-flex\">\n<div class=\"wp-block-column is-layout-flow wp-block-column-is-layout-flow\">\n<p>El paisaje de los entornos naturales de la <strong><a href=\"https:\/\/turismocoria.es\/turismo\/ciudad-de-coria\/\" data-type=\"page\" data-id=\"1061\"><span style=\"text-decoration: underline;\">Ciudad de Coria<\/span><\/a><\/strong>, cuyo <strong><a href=\"https:\/\/turismocoria.es\/turismo\/lugares-que-no-te-puedes-perder\/casco-historico\/\" data-type=\"page\" data-id=\"732\"><span style=\"text-decoration: underline;\">Casco Hist\u00f3rico<\/span><\/a><\/strong> se asienta al arrullo del <strong><a href=\"https:\/\/turismocoria.es\/turismo\/entornos-que-visitar\/valle-del-alagon\/\" data-type=\"page\" data-id=\"537\"><span style=\"text-decoration: underline;\">r\u00edo Alag\u00f3n<\/span><\/a><\/strong> presidido por las esbeltas siluetas de la ilustre <strong><a href=\"https:\/\/turismocoria.es\/turismo\/lugares-que-no-te-puedes-perder\/catedral\/\" data-type=\"page\" data-id=\"488\"><span style=\"text-decoration: underline;\">Catedral de Santa Mar\u00eda de la Asunci\u00f3n<\/span><\/a><\/strong> y del elegante <strong><a href=\"https:\/\/turismocoria.es\/turismo\/lugares-que-no-te-puedes-perder\/castillo-de-los-duques-de-alba\/\" data-type=\"page\" data-id=\"226\"><span style=\"text-decoration: underline;\">Castillo de los Duques de Alba<\/span><\/a><\/strong> erguidos desde tiempos inmemoriales sobre los antiguos muros que le presta la colosal <strong><a href=\"https:\/\/turismocoria.es\/turismo\/lugares-que-no-te-puedes-perder\/murallas-romanas\/\" data-type=\"page\" data-id=\"497\"><span style=\"text-decoration: underline;\">Muralla Romana<\/span><\/a><\/strong>, cautivan al m\u00e1s templado. <\/p>\n\n\n\n<div class=\"wp-block-media-text alignwide is-stacked-on-mobile is-image-fill\"><figure class=\"wp-block-media-text__media lazyload\" style=\"background-image:inherit;background-position:50% 50%\" data-bg-image=\"url(https:\/\/turismocoria.es\/turismo\/wp-content\/uploads\/2021\/05\/mirador-santuario-virgen-argeme-05.jpg)\"><img loading=\"lazy\" decoding=\"async\" width=\"945\" height=\"709\" data-src=\"https:\/\/turismocoria.es\/turismo\/wp-content\/uploads\/2021\/05\/mirador-santuario-virgen-argeme-05.jpg\" alt=\"Mirador del Santuario de la Virgen de Argeme\" class=\"wp-image-1919 size-full lazyload\" data-srcset=\"https:\/\/turismocoria.es\/turismo\/wp-content\/uploads\/2021\/05\/mirador-santuario-virgen-argeme-05.jpg 945w, https:\/\/turismocoria.es\/turismo\/wp-content\/uploads\/2021\/05\/mirador-santuario-virgen-argeme-05-300x225.jpg 300w, https:\/\/turismocoria.es\/turismo\/wp-content\/uploads\/2021\/05\/mirador-santuario-virgen-argeme-05-768x576.jpg 768w\" data-sizes=\"(max-width: 945px) 100vw, 945px\" src=\"data:image\/gif;base64,R0lGODlhAQABAAAAACH5BAEKAAEALAAAAAABAAEAAAICTAEAOw==\" style=\"--smush-placeholder-width: 945px; --smush-placeholder-aspect-ratio: 945\/709;\" \/><noscript><img loading=\"lazy\" decoding=\"async\" width=\"945\" height=\"709\" src=\"https:\/\/turismocoria.es\/turismo\/wp-content\/uploads\/2021\/05\/mirador-santuario-virgen-argeme-05.jpg\" alt=\"Mirador del Santuario de la Virgen de Argeme\" class=\"wp-image-1919 size-full\" srcset=\"https:\/\/turismocoria.es\/turismo\/wp-content\/uploads\/2021\/05\/mirador-santuario-virgen-argeme-05.jpg 945w, https:\/\/turismocoria.es\/turismo\/wp-content\/uploads\/2021\/05\/mirador-santuario-virgen-argeme-05-300x225.jpg 300w, https:\/\/turismocoria.es\/turismo\/wp-content\/uploads\/2021\/05\/mirador-santuario-virgen-argeme-05-768x576.jpg 768w\" sizes=\"(max-width: 945px) 100vw, 945px\" \/><\/noscript><\/figure><div class=\"wp-block-media-text__content\">\n<p>Una naturaleza, que se manifiesta con suma generosidad, al engendrarse \u00e9sta en pleno coraz\u00f3n del <strong><a href=\"https:\/\/turismocoria.es\/turismo\/entornos-que-visitar\/valle-del-alagon\/\" data-type=\"page\" data-id=\"537\"><span style=\"text-decoration: underline;\">Valle del Alag\u00f3n<\/span><\/a><\/strong>, donde montes, dehesas, llanuras, riberas y campos de labor configuran todo un amplio panorama paisaj\u00edstico que circundan a esta milenaria ciudad para deleite y recreaci\u00f3n de nuestra mirada.<\/p>\n\n\n\n<p>Entornos, todos ellos, a los que se suman las atractivas zonas verdes del municipio, donde parques, jardines y miradores se constituyen en verdaderas fuentes de vida y de salud urbanas destinadas al descanso y al ocio, en los que el viajero podr\u00e1 disfrutar, con gran autenticidad, de la tranquilidad de agradables paseos en cualquiera de las estaciones del a\u00f1o, caso del sugerente, educativo y magn\u00edfico <strong><a href=\"https:\/\/turismocoria.es\/turismo\/parajes-para-pasear\/jardin-botanico\/\" data-type=\"page\" data-id=\"755\"><span style=\"text-decoration: underline;\">Jard\u00edn Bot\u00e1nico<\/span><\/a><\/strong> que, en sus 1,5 Ha., alberga una rica colecci\u00f3n de la flora representativa del bosque mediterr\u00e1neo y de ribera a la espera de ser visitada y conocida dentro de este \u00e1rea de descanso y Centro de Educaci\u00f3n Ambiental.<\/p>\n\n\n\n<p> <\/p>\n<\/div><\/div>\n\n\n\n<div style=\"height:20px\" aria-hidden=\"true\" class=\"wp-block-spacer\"><\/div>\n\n\n\n<p>Recorridos urbanos, como el hist\u00f3rico <strong><span style=\"text-decoration: underline;\"><a href=\"https:\/\/turismocoria.es\/turismo\/parajes-para-pasear\/paseo-del-camino-real\/\" data-type=\"page\" data-id=\"2981\">Paseo del Camino Real<\/a><\/span><\/strong> que, meridionalmente, desciende junto a la Muralla Romana hasta conectar con el <strong><a href=\"https:\/\/turismocoria.es\/turismo\/otros-rincones-por-descubrir\/puente-de-piedra\/\" data-type=\"page\" data-id=\"529\"><span style=\"text-decoration: underline;\">Puente de Piedra<\/span><\/a><\/strong> que directamente nos conduce hasta las alamedas de \u201cLa Isla\u201d.<\/p>\n\n\n\n<div class=\"wp-block-media-text alignwide has-media-on-the-right is-stacked-on-mobile is-image-fill\"><figure class=\"wp-block-media-text__media lazyload\" style=\"background-image:inherit;background-position:50% 85%\" data-bg-image=\"url(https:\/\/turismocoria.es\/turismo\/wp-content\/uploads\/2021\/05\/paseo-de-la-isla-coria-02-1024x768.jpg)\"><img loading=\"lazy\" decoding=\"async\" width=\"1024\" height=\"768\" data-src=\"https:\/\/turismocoria.es\/turismo\/wp-content\/uploads\/2021\/05\/paseo-de-la-isla-coria-02-1024x768.jpg\" alt=\"Paseo de la Isla en Coria\" class=\"wp-image-1920 size-full lazyload\" data-srcset=\"https:\/\/turismocoria.es\/turismo\/wp-content\/uploads\/2021\/05\/paseo-de-la-isla-coria-02-1024x768.jpg 1024w, https:\/\/turismocoria.es\/turismo\/wp-content\/uploads\/2021\/05\/paseo-de-la-isla-coria-02-300x225.jpg 300w, https:\/\/turismocoria.es\/turismo\/wp-content\/uploads\/2021\/05\/paseo-de-la-isla-coria-02-768x576.jpg 768w, https:\/\/turismocoria.es\/turismo\/wp-content\/uploads\/2021\/05\/paseo-de-la-isla-coria-02.jpg 1200w\" data-sizes=\"(max-width: 1024px) 100vw, 1024px\" src=\"data:image\/gif;base64,R0lGODlhAQABAAAAACH5BAEKAAEALAAAAAABAAEAAAICTAEAOw==\" style=\"--smush-placeholder-width: 1024px; --smush-placeholder-aspect-ratio: 1024\/768;\" \/><noscript><img loading=\"lazy\" decoding=\"async\" width=\"1024\" height=\"768\" src=\"https:\/\/turismocoria.es\/turismo\/wp-content\/uploads\/2021\/05\/paseo-de-la-isla-coria-02-1024x768.jpg\" alt=\"Paseo de la Isla en Coria\" class=\"wp-image-1920 size-full\" srcset=\"https:\/\/turismocoria.es\/turismo\/wp-content\/uploads\/2021\/05\/paseo-de-la-isla-coria-02-1024x768.jpg 1024w, https:\/\/turismocoria.es\/turismo\/wp-content\/uploads\/2021\/05\/paseo-de-la-isla-coria-02-300x225.jpg 300w, https:\/\/turismocoria.es\/turismo\/wp-content\/uploads\/2021\/05\/paseo-de-la-isla-coria-02-768x576.jpg 768w, https:\/\/turismocoria.es\/turismo\/wp-content\/uploads\/2021\/05\/paseo-de-la-isla-coria-02.jpg 1200w\" sizes=\"(max-width: 1024px) 100vw, 1024px\" \/><\/noscript><\/figure><div class=\"wp-block-media-text__content\">\n<p>Espacios de formas y de colores, transformados en placenteros vergeles naturales, como el m\u00e1gico <strong><a href=\"https:\/\/turismocoria.es\/turismo\/parajes-para-pasear\/paseo-de-la-isla\/\" data-type=\"page\" data-id=\"757\"><span style=\"text-decoration: underline;\">Paseo Fluvial de la Isla<\/span><\/a><\/strong>, en el que el turista podr\u00e1 practicar el desarrollo de actividades l\u00fadicas y deportivas al conjugarse la naturaleza, del exuberante bosque de ribera, con el deporte, derivado de su fusi\u00f3n con el polideportivo y las piscinas municipales, adem\u00e1s de con la pr\u00e1ctica en verano del pirag\u00fcismo y otros deportes n\u00e1uticos al estar ubicado el mismo a la orilla del las remansadas y caudalosas aguas del <strong><span style=\"text-decoration: underline;\"><a href=\"https:\/\/turismocoria.es\/turismo\/entornos-que-visitar\/valle-del-alagon\/\" data-type=\"page\" data-id=\"537\">r\u00edo Alag\u00f3n<\/a><\/span><\/strong>.<\/p>\n<\/div><\/div>\n\n\n\n<div style=\"height:20px\" aria-hidden=\"true\" class=\"wp-block-spacer\"><\/div>\n\n\n\n<p>Id\u00edlicos espacios, como el tambi\u00e9n <strong><a href=\"https:\/\/turismocoria.es\/turismo\/parajes-para-pasear\/parque-del-tamujal\/\" data-type=\"page\" data-id=\"759\"><span style=\"text-decoration: underline;\">Parque Fluvial del Tamujal<\/span><\/a><\/strong> que igualmente discurre sobre la margen derecha del r\u00edo, convertido en \u00e1rea de paseo, descanso y observatorio de aves al alcance de los amantes de la ornitolog\u00eda que deseen contemplar y fotografiar la avifauna que anida y habita por estos parajes; mientras que para aquellos otros viajeros apasionados al patinaje, la Ciudad de Coria cuenta, dentro de su n\u00facleo urbano y en pleno <strong><span style=\"text-decoration: underline;\"><a href=\"https:\/\/turismocoria.es\/turismo\/parajes-para-pasear\/parque-municipal-de-cadenetas\/\" data-type=\"page\" data-id=\"2993\">Parque de Cadenetas<\/a><\/span><\/strong>, con la pista de skate m\u00e1s grande de Extremadura y de las m\u00e1s amplias de Espa\u00f1a para el disfrute de ni\u00f1os y j\u00f3venes atra\u00eddos por el deporte de las dos ruedas.<\/p>\n<\/div>\n<\/div>\n\n\n\n<figure class=\"wp-block-image alignfull size-large enlace-desactivado disabled\"><a href=\"#\"><img loading=\"lazy\" decoding=\"async\" width=\"1024\" height=\"127\" data-src=\"https:\/\/turismocoria.es\/turismo\/wp-content\/uploads\/2021\/04\/silueta-coria-azul-1024x127.png\" alt=\"Silueta Ciudad de Coria\" class=\"wp-image-1796 lazyload\" data-srcset=\"https:\/\/turismocoria.es\/turismo\/wp-content\/uploads\/2021\/04\/silueta-coria-azul-1024x127.png 1024w, https:\/\/turismocoria.es\/turismo\/wp-content\/uploads\/2021\/04\/silueta-coria-azul-300x37.png 300w, https:\/\/turismocoria.es\/turismo\/wp-content\/uploads\/2021\/04\/silueta-coria-azul-768x95.png 768w, https:\/\/turismocoria.es\/turismo\/wp-content\/uploads\/2021\/04\/silueta-coria-azul-1536x191.png 1536w, https:\/\/turismocoria.es\/turismo\/wp-content\/uploads\/2021\/04\/silueta-coria-azul-2048x255.png 2048w, https:\/\/turismocoria.es\/turismo\/wp-content\/uploads\/2021\/04\/silueta-coria-azul-1600x199.png 1600w\" data-sizes=\"(max-width: 1024px) 100vw, 1024px\" src=\"data:image\/gif;base64,R0lGODlhAQABAAAAACH5BAEKAAEALAAAAAABAAEAAAICTAEAOw==\" style=\"--smush-placeholder-width: 1024px; --smush-placeholder-aspect-ratio: 1024\/127;\" \/><noscript><img loading=\"lazy\" decoding=\"async\" width=\"1024\" height=\"127\" src=\"https:\/\/turismocoria.es\/turismo\/wp-content\/uploads\/2021\/04\/silueta-coria-azul-1024x127.png\" alt=\"Silueta Ciudad de Coria\" class=\"wp-image-1796\" srcset=\"https:\/\/turismocoria.es\/turismo\/wp-content\/uploads\/2021\/04\/silueta-coria-azul-1024x127.png 1024w, https:\/\/turismocoria.es\/turismo\/wp-content\/uploads\/2021\/04\/silueta-coria-azul-300x37.png 300w, https:\/\/turismocoria.es\/turismo\/wp-content\/uploads\/2021\/04\/silueta-coria-azul-768x95.png 768w, https:\/\/turismocoria.es\/turismo\/wp-content\/uploads\/2021\/04\/silueta-coria-azul-1536x191.png 1536w, https:\/\/turismocoria.es\/turismo\/wp-content\/uploads\/2021\/04\/silueta-coria-azul-2048x255.png 2048w, https:\/\/turismocoria.es\/turismo\/wp-content\/uploads\/2021\/04\/silueta-coria-azul-1600x199.png 1600w\" sizes=\"(max-width: 1024px) 100vw, 1024px\" \/><\/noscript><\/a><\/figure>\n","protected":false},"excerpt":{"rendered":"<p>El paisaje de los entornos naturales de la Ciudad de Coria, cuyo Casco Hist\u00f3rico se asienta al arrullo del r\u00edo Alag\u00f3n presidido por las esbeltas siluetas de la ilustre Catedral de Santa Mar\u00eda de la Asunci\u00f3n y del elegante Castillo de los Duques de Alba erguidos desde tiempos inmemoriales sobre los antiguos muros que le [&hellip;]<\/p>\n","protected":false},"author":1,"featured_media":1977,"parent":0,"menu_order":1,"comment_status":"closed","ping_status":"closed","template":"","meta":{"_uag_custom_page_level_css":"","site-sidebar-layout":"no-sidebar","site-content-layout":"default","ast-site-content-layout":"","site-content-style":"default","site-sidebar-style":"default","ast-global-header-display":"","ast-banner-title-visibility":"","ast-main-header-display":"","ast-hfb-above-header-display":"","ast-hfb-below-header-display":"","ast-hfb-mobile-header-display":"","site-post-title":"disabled","ast-breadcrumbs-content":"","ast-featured-img":"disabled","footer-sml-layout":"","theme-transparent-header-meta":"default","adv-header-id-meta":"","stick-header-meta":"","header-above-stick-meta":"","header-main-stick-meta":"","header-below-stick-meta":"","astra-migrate-meta-layouts":"default","ast-page-background-enabled":"default","ast-page-background-meta":{"desktop":{"background-color":"","background-image":"","background-repeat":"repeat","background-position":"center center","background-size":"auto","background-attachment":"scroll","background-type":"","background-media":"","overlay-type":"","overlay-color":"","overlay-opacity":"","overlay-gradient":""},"tablet":{"background-color":"","background-image":"","background-repeat":"repeat","background-position":"center center","background-size":"auto","background-attachment":"scroll","background-type":"","background-media":"","overlay-type":"","overlay-color":"","overlay-opacity":"","overlay-gradient":""},"mobile":{"background-color":"","background-image":"","background-repeat":"repeat","background-position":"center center","background-size":"auto","background-attachment":"scroll","background-type":"","background-media":"","overlay-type":"","overlay-color":"","overlay-opacity":"","overlay-gradient":""}},"ast-content-background-meta":{"desktop":{"background-color":"var(--ast-global-color-5)","background-image":"","background-repeat":"repeat","background-position":"center center","background-size":"auto","background-attachment":"scroll","background-type":"","background-media":"","overlay-type":"","overlay-color":"","overlay-opacity":"","overlay-gradient":""},"tablet":{"background-color":"var(--ast-global-color-5)","background-image":"","background-repeat":"repeat","background-position":"center center","background-size":"auto","background-attachment":"scroll","background-type":"","background-media":"","overlay-type":"","overlay-color":"","overlay-opacity":"","overlay-gradient":""},"mobile":{"background-color":"var(--ast-global-color-5)","background-image":"","background-repeat":"repeat","background-position":"center center","background-size":"auto","background-attachment":"scroll","background-type":"","background-media":"","overlay-type":"","overlay-color":"","overlay-opacity":"","overlay-gradient":""}},"_EventAllDay":false,"_EventTimezone":"","_EventStartDate":"","_EventEndDate":"","_EventStartDateUTC":"","_EventEndDateUTC":"","_EventShowMap":false,"_EventShowMapLink":false,"_EventURL":"","_EventCost":"","_EventCostDescription":"","_EventCurrencySymbol":"","_EventCurrencyCode":"","_EventCurrencyPosition":"","_EventDateTimeSeparator":"","_EventTimeRangeSeparator":"","_EventOrganizerID":[],"_EventVenueID":0,"_OrganizerEmail":"","_OrganizerPhone":"","_OrganizerWebsite":"","_VenueAddress":"","_VenueCity":"","_VenueCountry":"","_VenueProvince":"","_VenueZip":"","_VenuePhone":"","_VenueURL":"","_VenueStateProvince":"","_VenueLat":"","_VenueLng":"","footnotes":""},"class_list":["post-753","page","type-page","status-publish","has-post-thumbnail","hentry"],"featured_image_src":"https:\/\/turismocoria.es\/turismo\/wp-content\/uploads\/2021\/05\/paseo-fluvial-del-tamujal-coria-04-600x400.jpg","featured_image_src_square":"https:\/\/turismocoria.es\/turismo\/wp-content\/uploads\/2021\/05\/paseo-fluvial-del-tamujal-coria-04-600x600.jpg","uagb_featured_image_src":{"full":["https:\/\/turismocoria.es\/turismo\/wp-content\/uploads\/2021\/05\/paseo-fluvial-del-tamujal-coria-04.jpg",945,709,false],"thumbnail":["https:\/\/turismocoria.es\/turismo\/wp-content\/uploads\/2021\/05\/paseo-fluvial-del-tamujal-coria-04-150x150.jpg",150,150,true],"medium":["https:\/\/turismocoria.es\/turismo\/wp-content\/uploads\/2021\/05\/paseo-fluvial-del-tamujal-coria-04-300x225.jpg",300,225,true],"medium_large":["https:\/\/turismocoria.es\/turismo\/wp-content\/uploads\/2021\/05\/paseo-fluvial-del-tamujal-coria-04-768x576.jpg",768,576,true],"large":["https:\/\/turismocoria.es\/turismo\/wp-content\/uploads\/2021\/05\/paseo-fluvial-del-tamujal-coria-04.jpg",945,709,false],"gs-tiny":["https:\/\/turismocoria.es\/turismo\/wp-content\/uploads\/2021\/05\/paseo-fluvial-del-tamujal-coria-04.jpg",50,38,false],"xl":["https:\/\/turismocoria.es\/turismo\/wp-content\/uploads\/2021\/05\/paseo-fluvial-del-tamujal-coria-04.jpg",945,709,false],"xxl":["https:\/\/turismocoria.es\/turismo\/wp-content\/uploads\/2021\/05\/paseo-fluvial-del-tamujal-coria-04.jpg",945,709,false],"xxxl":["https:\/\/turismocoria.es\/turismo\/wp-content\/uploads\/2021\/05\/paseo-fluvial-del-tamujal-coria-04.jpg",945,709,false],"xxxxl":["https:\/\/turismocoria.es\/turismo\/wp-content\/uploads\/2021\/05\/paseo-fluvial-del-tamujal-coria-04.jpg",945,709,false],"xxxxxl":["https:\/\/turismocoria.es\/turismo\/wp-content\/uploads\/2021\/05\/paseo-fluvial-del-tamujal-coria-04.jpg",945,709,false],"1536x1536":["https:\/\/turismocoria.es\/turismo\/wp-content\/uploads\/2021\/05\/paseo-fluvial-del-tamujal-coria-04.jpg",945,709,false],"2048x2048":["https:\/\/turismocoria.es\/turismo\/wp-content\/uploads\/2021\/05\/paseo-fluvial-del-tamujal-coria-04.jpg",945,709,false],"ultp_layout_landscape_large":["https:\/\/turismocoria.es\/turismo\/wp-content\/uploads\/2021\/05\/paseo-fluvial-del-tamujal-coria-04.jpg",945,709,false],"ultp_layout_landscape":["https:\/\/turismocoria.es\/turismo\/wp-content\/uploads\/2021\/05\/paseo-fluvial-del-tamujal-coria-04-870x570.jpg",870,570,true],"ultp_layout_portrait":["https:\/\/turismocoria.es\/turismo\/wp-content\/uploads\/2021\/05\/paseo-fluvial-del-tamujal-coria-04-600x709.jpg",600,709,true],"ultp_layout_square":["https:\/\/turismocoria.es\/turismo\/wp-content\/uploads\/2021\/05\/paseo-fluvial-del-tamujal-coria-04-600x600.jpg",600,600,true],"gb-block-post-grid-landscape":["https:\/\/turismocoria.es\/turismo\/wp-content\/uploads\/2021\/05\/paseo-fluvial-del-tamujal-coria-04-600x400.jpg",600,400,true],"gb-block-post-grid-square":["https:\/\/turismocoria.es\/turismo\/wp-content\/uploads\/2021\/05\/paseo-fluvial-del-tamujal-coria-04-600x600.jpg",600,600,true]},"uagb_author_info":{"display_name":"admin","author_link":"https:\/\/turismocoria.es\/turismo\/author\/admin\/"},"uagb_comment_info":0,"uagb_excerpt":"El paisaje de los entornos naturales de la Ciudad de Coria, cuyo Casco Hist\u00f3rico se asienta al arrullo del r\u00edo Alag\u00f3n presidido por las esbeltas siluetas de la ilustre Catedral de Santa Mar\u00eda de la Asunci\u00f3n y del elegante Castillo de los Duques de Alba erguidos desde tiempos inmemoriales sobre los antiguos muros que le&hellip;","_links":{"self":[{"href":"https:\/\/turismocoria.es\/turismo\/wp-json\/wp\/v2\/pages\/753"}],"collection":[{"href":"https:\/\/turismocoria.es\/turismo\/wp-json\/wp\/v2\/pages"}],"about":[{"href":"https:\/\/turismocoria.es\/turismo\/wp-json\/wp\/v2\/types\/page"}],"author":[{"embeddable":true,"href":"https:\/\/turismocoria.es\/turismo\/wp-json\/wp\/v2\/users\/1"}],"replies":[{"embeddable":true,"href":"https:\/\/turismocoria.es\/turismo\/wp-json\/wp\/v2\/comments?post=753"}],"version-history":[{"count":0,"href":"https:\/\/turismocoria.es\/turismo\/wp-json\/wp\/v2\/pages\/753\/revisions"}],"wp:featuredmedia":[{"embeddable":true,"href":"https:\/\/turismocoria.es\/turismo\/wp-json\/wp\/v2\/media\/1977"}],"wp:attachment":[{"href":"https:\/\/turismocoria.es\/turismo\/wp-json\/wp\/v2\/media?parent=753"}],"curies":[{"name":"wp","href":"https:\/\/api.w.org\/{rel}","templated":true}]}}