{"id":479,"date":"2021-02-04T12:03:36","date_gmt":"2021-02-04T11:03:36","guid":{"rendered":"https:\/\/turismo.beta.coriaenimagenes.com\/?page_id=479"},"modified":"2021-12-19T19:05:27","modified_gmt":"2021-12-19T18:05:27","slug":"lugares-que-no-te-puedes-perder","status":"publish","type":"page","link":"https:\/\/turismocoria.es\/turismo\/lugares-que-no-te-puedes-perder\/","title":{"rendered":"Lugares que no te puedes perder"},"content":{"rendered":"\n<div style=\"height:20px\" aria-hidden=\"true\" class=\"wp-block-spacer\"><\/div>\n\n\n\n<div class=\"wp-block-cover is-light\"><span aria-hidden=\"true\" class=\"wp-block-cover__gradient-background has-background-dim\"><\/span><img loading=\"lazy\" decoding=\"async\" width=\"827\" height=\"466\" class=\"wp-block-cover__image-background wp-image-1082 lazyload\" alt=\"\" data-src=\"https:\/\/turismocoria.es\/turismo\/wp-content\/uploads\/2021\/02\/casco-historico-ciudad-de-coria.jpg\" data-object-fit=\"cover\" data-srcset=\"https:\/\/turismocoria.es\/turismo\/wp-content\/uploads\/2021\/02\/casco-historico-ciudad-de-coria.jpg 827w, https:\/\/turismocoria.es\/turismo\/wp-content\/uploads\/2021\/02\/casco-historico-ciudad-de-coria-300x169.jpg 300w, https:\/\/turismocoria.es\/turismo\/wp-content\/uploads\/2021\/02\/casco-historico-ciudad-de-coria-768x433.jpg 768w\" data-sizes=\"(max-width: 827px) 100vw, 827px\" src=\"data:image\/gif;base64,R0lGODlhAQABAAAAACH5BAEKAAEALAAAAAABAAEAAAICTAEAOw==\" style=\"--smush-placeholder-width: 827px; --smush-placeholder-aspect-ratio: 827\/466;\" \/><noscript><img loading=\"lazy\" decoding=\"async\" width=\"827\" height=\"466\" class=\"wp-block-cover__image-background wp-image-1082\" alt=\"\" src=\"https:\/\/turismocoria.es\/turismo\/wp-content\/uploads\/2021\/02\/casco-historico-ciudad-de-coria.jpg\" data-object-fit=\"cover\" srcset=\"https:\/\/turismocoria.es\/turismo\/wp-content\/uploads\/2021\/02\/casco-historico-ciudad-de-coria.jpg 827w, https:\/\/turismocoria.es\/turismo\/wp-content\/uploads\/2021\/02\/casco-historico-ciudad-de-coria-300x169.jpg 300w, https:\/\/turismocoria.es\/turismo\/wp-content\/uploads\/2021\/02\/casco-historico-ciudad-de-coria-768x433.jpg 768w\" sizes=\"(max-width: 827px) 100vw, 827px\" \/><\/noscript><div class=\"wp-block-cover__inner-container is-layout-flow wp-block-cover-is-layout-flow\">\n<h1 class=\"has-text-align-center has-ast-global-color-5-color has-text-color wp-block-heading\" id=\"lugares-que-no-te-puedes-perder\"><em>Lugares que no te puedes perder<\/em><\/h1>\n<\/div><\/div>\n\n\n\n<div style=\"height:20px\" aria-hidden=\"true\" class=\"wp-block-spacer\"><\/div>\n\n\n\n<div class=\"wp-block-columns margen-derecho-50 margen-izquierdo-50 margin-top-50 is-layout-flex wp-container-core-columns-is-layout-1 wp-block-columns-is-layout-flex\">\n<div class=\"wp-block-column is-layout-flow wp-block-column-is-layout-flow\">\n<p style=\"font-size:17px\"><strong><em>La<a href=\"https:\/\/turismocoria.es\/turismo\/ciudad-de-coria\/\" data-type=\"page\"> <span style=\"text-decoration: underline;\">Ciudad de Coria<\/span><\/a> tiene ese punto m\u00e1gico que solo conoce el que viene y siente las huellas de su milenario pasado hist\u00f3rico escritas en las cicatrices de sus piedras, que disfruta del sello distintivo de sus Genuinas tradiciones, que saborea el aroma de sus fogones, que percibe la fragancia de sus paisajes, o que simplemente comparte la amabilidad de sus gentes.<\/em><\/strong><\/p>\n\n\n\n<p>Un bello enclave hist\u00f3rico y monumental, con m\u00e1s de dos milenios de historia ininterrumpida, que a\u00fan sigue conservando entre sus antiguos muros el abolengo se\u00f1orial, junto al linaje de la curia episcopal y el aroma taurino, por el que un d\u00eda pasaron caudillos vettones, can\u00f3nigos, prelados y marqueses, adem\u00e1s de labriegos y sencillos pastores, que dejaron diseminadas sus huellas por cada uno de los evocadores rincones de su coqueto<span style=\"text-decoration: underline;\"><strong> <a href=\"https:\/\/turismocoria.es\/turismo\/lugares-que-no-te-puedes-perder\/casco-historico\/\" data-type=\"page\" data-id=\"732\">Casco Hist\u00f3rico<\/a><\/strong><\/span>, como escenario de historia viva que sigue cautivando a sus visitantes.<\/p>\n\n\n\n<div class=\"wp-block-media-text alignwide is-stacked-on-mobile is-image-fill\"><figure class=\"wp-block-media-text__media lazyload\" style=\"background-image:inherit;background-position:50% 50%\" data-bg-image=\"url(https:\/\/turismocoria.es\/turismo\/wp-content\/uploads\/2021\/02\/castillo-duques-de-alba-ciudad-de-coria.jpg)\"><img loading=\"lazy\" decoding=\"async\" width=\"945\" height=\"630\" data-src=\"https:\/\/turismocoria.es\/turismo\/wp-content\/uploads\/2021\/02\/castillo-duques-de-alba-ciudad-de-coria.jpg\" alt=\"Castillo de los Duques de Alba en la Ciudad de Coria\" class=\"wp-image-1090 size-full lazyload\" data-srcset=\"https:\/\/turismocoria.es\/turismo\/wp-content\/uploads\/2021\/02\/castillo-duques-de-alba-ciudad-de-coria.jpg 945w, https:\/\/turismocoria.es\/turismo\/wp-content\/uploads\/2021\/02\/castillo-duques-de-alba-ciudad-de-coria-300x200.jpg 300w, https:\/\/turismocoria.es\/turismo\/wp-content\/uploads\/2021\/02\/castillo-duques-de-alba-ciudad-de-coria-768x512.jpg 768w, https:\/\/turismocoria.es\/turismo\/wp-content\/uploads\/2021\/02\/castillo-duques-de-alba-ciudad-de-coria-600x400.jpg 600w\" data-sizes=\"(max-width: 945px) 100vw, 945px\" src=\"data:image\/gif;base64,R0lGODlhAQABAAAAACH5BAEKAAEALAAAAAABAAEAAAICTAEAOw==\" style=\"--smush-placeholder-width: 945px; --smush-placeholder-aspect-ratio: 945\/630;\" \/><noscript><img loading=\"lazy\" decoding=\"async\" width=\"945\" height=\"630\" src=\"https:\/\/turismocoria.es\/turismo\/wp-content\/uploads\/2021\/02\/castillo-duques-de-alba-ciudad-de-coria.jpg\" alt=\"Castillo de los Duques de Alba en la Ciudad de Coria\" class=\"wp-image-1090 size-full\" srcset=\"https:\/\/turismocoria.es\/turismo\/wp-content\/uploads\/2021\/02\/castillo-duques-de-alba-ciudad-de-coria.jpg 945w, https:\/\/turismocoria.es\/turismo\/wp-content\/uploads\/2021\/02\/castillo-duques-de-alba-ciudad-de-coria-300x200.jpg 300w, https:\/\/turismocoria.es\/turismo\/wp-content\/uploads\/2021\/02\/castillo-duques-de-alba-ciudad-de-coria-768x512.jpg 768w, https:\/\/turismocoria.es\/turismo\/wp-content\/uploads\/2021\/02\/castillo-duques-de-alba-ciudad-de-coria-600x400.jpg 600w\" sizes=\"(max-width: 945px) 100vw, 945px\" \/><\/noscript><\/figure><div class=\"wp-block-media-text__content\">\n<p>Recuerdos pasados de la historia cauriense, descritos en la rugosa piel de los gran\u00edticos sillares de sus vetustos monumentos, caso de las legendarias <a href=\"https:\/\/turismocoria.es\/turismo\/lugares-que-no-te-puedes-perder\/murallas-romanas\/\" data-type=\"page\" data-id=\"497\"><span style=\"text-decoration: underline;\"><strong>Murallas Romanas<\/strong><\/span><\/a><strong> <\/strong>(s. I) que la cercan, consideradas como una de las fortalezas mejor conservadas, en su conjunto, de entre todas las halladas en el resto de Europa.<\/p>\n\n\n\n<p>Grandes lienzos defensivos que protegen el contorno de esta ciudadela, que el viajero descubre nada m\u00e1s pasar por alguna de sus cuatro enormes portonas de ingreso: <a href=\"https:\/\/turismocoria.es\/turismo\/lugares-que-no-te-puedes-perder\/murallas-romanas\/puerta-de-san-pedro\/\" data-type=\"page\" data-id=\"734\"><span style=\"text-decoration: underline;\"><strong>Puertas de San Pedro<\/strong><\/span><\/a><strong> <\/strong>o <strong>del Sol <\/strong>(s. I), al norte; <a href=\"https:\/\/turismocoria.es\/turismo\/lugares-que-no-te-puedes-perder\/murallas-romanas\/puerta-de-la-guia\/\" data-type=\"page\" data-id=\"739\"><span style=\"text-decoration: underline;\"><strong>de la Gu\u00eda<\/strong><\/span><\/a><strong> <\/strong>o <strong>de la Ciudad <\/strong>(s. I), al suroeste; <a href=\"https:\/\/turismocoria.es\/turismo\/lugares-que-no-te-puedes-perder\/murallas-romanas\/puerta-de-san-francisco\/\" data-type=\"page\" data-id=\"741\"><span style=\"text-decoration: underline;\"><strong>de San Francisco<\/strong><\/span><\/a><strong> <\/strong>o <strong>del Rollo <\/strong>(s. XVI), al noroeste; y <a href=\"https:\/\/turismocoria.es\/turismo\/lugares-que-no-te-puedes-perder\/murallas-romanas\/puerta-del-carmen\/\" data-type=\"page\" data-id=\"737\"><span style=\"text-decoration: underline;\"><strong>del Carmen<\/strong><\/span><\/a><strong> <\/strong>o <strong>Nueva <\/strong>(s. XVI), al este, atestiguando el dominio y la presencia romana en el territorio.<\/p>\n<\/div><\/div>\n\n\n\n<div style=\"height:20px\" aria-hidden=\"true\" class=\"wp-block-spacer\"><\/div>\n\n\n\n<p>Un s\u00edmbolo de poder, que es compartido conjuntamente con el soberbio <a href=\"https:\/\/turismocoria.es\/turismo\/lugares-que-no-te-puedes-perder\/castillo-de-los-duques-de-alba\/\" data-type=\"page\" data-id=\"226\"><span style=\"text-decoration: underline;\"><strong>Castillo de los Duques de Alba<\/strong><\/span><\/a><strong> <\/strong>(s. XV), levantado sobre otra anterior edificaci\u00f3n defensiva de origen Templario, cuya elegante Torre del<strong> <\/strong>Homenaje destaca sobre el resto del conjunto militar fortificado como emblema del dominio se\u00f1orial en la<strong> <\/strong>ciudad.<\/p>\n\n\n\n<p>Piedras cargadas de historia, como lo atestigua la ilustre <a href=\"https:\/\/turismocoria.es\/turismo\/lugares-que-no-te-puedes-perder\/catedral\/\" data-type=\"page\" data-id=\"488\"><span style=\"text-decoration: underline;\"><strong>Catedral de Santa Mar\u00eda de la Asunci\u00f3n<\/strong><\/span><\/a><strong> <\/strong>(s. XVde f\u00e1brica visigoda y rom\u00e1nica como emblema de la jerarqu\u00eda XVIII), joya del g\u00f3tico-plateresco extreme\u00f1o con a\u00f1adidos barrocos, levantada sobre los primitivos templos episcopal en una de las Di\u00f3cesis m\u00e1s antiguas de Espa\u00f1a.<\/p>\n\n\n\n<div class=\"wp-block-media-text alignwide has-media-on-the-right is-stacked-on-mobile is-image-fill\"><figure class=\"wp-block-media-text__media lazyload\" style=\"background-image:inherit;background-position:50% 50%\" data-bg-image=\"url(https:\/\/turismocoria.es\/turismo\/wp-content\/uploads\/2021\/03\/ayuntamiento-coria-1024x317.jpg)\"><img loading=\"lazy\" decoding=\"async\" width=\"1024\" height=\"317\" data-src=\"https:\/\/turismocoria.es\/turismo\/wp-content\/uploads\/2021\/03\/ayuntamiento-coria-1024x317.jpg\" alt=\"\" class=\"wp-image-1219 size-full lazyload\" data-srcset=\"https:\/\/turismocoria.es\/turismo\/wp-content\/uploads\/2021\/03\/ayuntamiento-coria-1024x317.jpg 1024w, https:\/\/turismocoria.es\/turismo\/wp-content\/uploads\/2021\/03\/ayuntamiento-coria-300x93.jpg 300w, https:\/\/turismocoria.es\/turismo\/wp-content\/uploads\/2021\/03\/ayuntamiento-coria-768x238.jpg 768w, https:\/\/turismocoria.es\/turismo\/wp-content\/uploads\/2021\/03\/ayuntamiento-coria-1536x476.jpg 1536w, https:\/\/turismocoria.es\/turismo\/wp-content\/uploads\/2021\/03\/ayuntamiento-coria-1600x496.jpg 1600w, https:\/\/turismocoria.es\/turismo\/wp-content\/uploads\/2021\/03\/ayuntamiento-coria.jpg 1772w\" data-sizes=\"(max-width: 1024px) 100vw, 1024px\" src=\"data:image\/gif;base64,R0lGODlhAQABAAAAACH5BAEKAAEALAAAAAABAAEAAAICTAEAOw==\" style=\"--smush-placeholder-width: 1024px; --smush-placeholder-aspect-ratio: 1024\/317;\" \/><noscript><img loading=\"lazy\" decoding=\"async\" width=\"1024\" height=\"317\" src=\"https:\/\/turismocoria.es\/turismo\/wp-content\/uploads\/2021\/03\/ayuntamiento-coria-1024x317.jpg\" alt=\"\" class=\"wp-image-1219 size-full\" srcset=\"https:\/\/turismocoria.es\/turismo\/wp-content\/uploads\/2021\/03\/ayuntamiento-coria-1024x317.jpg 1024w, https:\/\/turismocoria.es\/turismo\/wp-content\/uploads\/2021\/03\/ayuntamiento-coria-300x93.jpg 300w, https:\/\/turismocoria.es\/turismo\/wp-content\/uploads\/2021\/03\/ayuntamiento-coria-768x238.jpg 768w, https:\/\/turismocoria.es\/turismo\/wp-content\/uploads\/2021\/03\/ayuntamiento-coria-1536x476.jpg 1536w, https:\/\/turismocoria.es\/turismo\/wp-content\/uploads\/2021\/03\/ayuntamiento-coria-1600x496.jpg 1600w, https:\/\/turismocoria.es\/turismo\/wp-content\/uploads\/2021\/03\/ayuntamiento-coria.jpg 1772w\" sizes=\"(max-width: 1024px) 100vw, 1024px\" \/><\/noscript><\/figure><div class=\"wp-block-media-text__content\">\n<p>La memoria de un rico patrimonio hist\u00f3rico, cultural y religioso heredado, que fue tejido durante siglos, recogido y expuesto a trav\u00e9s de las piezas conservadas, tanto en el <a href=\"https:\/\/turismocoria.es\/turismo\/lugares-que-no-te-puedes-perder\/museo-catedralicio\/\" data-type=\"page\" data-id=\"501\"><span style=\"text-decoration: underline;\"><strong>Museo Catedralicio<\/strong><\/span><\/a>, donde se custodian entre preciosidades y curiosidades una excelente colecci\u00f3n de arte sacro destacando el<strong> <a href=\"https:\/\/turismocoria.es\/turismo\/el-sagrado-mantel-de-la-ultima-cena\/\" data-type=\"page\" data-id=\"1176\"><span style=\"text-decoration: underline;\">Sagrado Mantel de la \u00daltima Cena<\/span><\/a><\/strong>, como en la <a href=\"https:\/\/turismocoria.es\/turismo\/lugares-que-no-te-puedes-perder\/museo-de-la-carcel-real\/\" data-type=\"page\" data-id=\"503\"><span style=\"text-decoration: underline;\"><strong>Exposici\u00f3n Muse\u00edstica de la C\u00e1rcel Real<\/strong><\/span><\/a><strong> <\/strong>que acoge, en sus remozados calabozos, la historia, arqueolog\u00eda y etnograf\u00eda del municipio transport\u00e1ndonos a otras \u00e9pocas pasadas y presentes de la cultura y la tradici\u00f3n caurienses.<\/p>\n\n\n\n<p>La narraci\u00f3n de una historia que se revela igualmente sorprendente, al descubrir ese espacio de sosiego y recogimiento enclaustrado que es el <a href=\"https:\/\/turismocoria.es\/turismo\/lugares-que-no-te-puedes-perder\/convento-de-la-madre-de-dios\/\" data-type=\"page\" data-id=\"499\"><span style=\"text-decoration: underline;\"><strong>Convento de la Madre de Dios<\/strong><\/span><\/a><strong> <\/strong>(s. XVI-XVII), en el que la reposter\u00eda de la buena cocina religiosa cobra vida ante su amplio recetario de dulces artesanales.<\/p>\n<\/div><\/div>\n\n\n\n<div style=\"height:20px\" aria-hidden=\"true\" class=\"wp-block-spacer\"><\/div>\n\n\n\n<p>En definitiva, atractivos rincones todos ellos que atrapar\u00e1n al visitante, como el que igualmente se muestra, aunque algo m\u00e1s alejado del casco antiguo, en ese hermoso paraje que mira a la vega junto al acantilado que describe el r\u00edo Alag\u00f3n en el que se levanta el <a href=\"https:\/\/turismocoria.es\/turismo\/lugares-que-no-te-puedes-perder\/santuario-de-la-virgen-de-argeme\/\" data-type=\"page\" data-id=\"505\"><span style=\"text-decoration: underline;\"><strong>Santuario de Nuestra Se\u00f1ora Virgen de Argeme<\/strong><\/span><\/a> (s. XVII-XVIII), patrona de Coria y de su Di\u00f3cesis, al combinarse la belleza monumental con el encanto paisaj\u00edstico.<\/p>\n<\/div>\n<\/div>\n\n\n\n<figure class=\"wp-block-image alignfull size-large enlace-desactivado disabled\"><a href=\"#\"><img loading=\"lazy\" decoding=\"async\" width=\"1024\" height=\"127\" data-src=\"https:\/\/turismocoria.es\/turismo\/wp-content\/uploads\/2021\/04\/silueta-coria-azul-1024x127.png\" alt=\"Silueta Ciudad de Coria\" class=\"wp-image-1796 lazyload\" data-srcset=\"https:\/\/turismocoria.es\/turismo\/wp-content\/uploads\/2021\/04\/silueta-coria-azul-1024x127.png 1024w, https:\/\/turismocoria.es\/turismo\/wp-content\/uploads\/2021\/04\/silueta-coria-azul-300x37.png 300w, https:\/\/turismocoria.es\/turismo\/wp-content\/uploads\/2021\/04\/silueta-coria-azul-768x95.png 768w, https:\/\/turismocoria.es\/turismo\/wp-content\/uploads\/2021\/04\/silueta-coria-azul-1536x191.png 1536w, https:\/\/turismocoria.es\/turismo\/wp-content\/uploads\/2021\/04\/silueta-coria-azul-2048x255.png 2048w, https:\/\/turismocoria.es\/turismo\/wp-content\/uploads\/2021\/04\/silueta-coria-azul-1600x199.png 1600w\" data-sizes=\"(max-width: 1024px) 100vw, 1024px\" src=\"data:image\/gif;base64,R0lGODlhAQABAAAAACH5BAEKAAEALAAAAAABAAEAAAICTAEAOw==\" style=\"--smush-placeholder-width: 1024px; --smush-placeholder-aspect-ratio: 1024\/127;\" \/><noscript><img loading=\"lazy\" decoding=\"async\" width=\"1024\" height=\"127\" src=\"https:\/\/turismocoria.es\/turismo\/wp-content\/uploads\/2021\/04\/silueta-coria-azul-1024x127.png\" alt=\"Silueta Ciudad de Coria\" class=\"wp-image-1796\" srcset=\"https:\/\/turismocoria.es\/turismo\/wp-content\/uploads\/2021\/04\/silueta-coria-azul-1024x127.png 1024w, https:\/\/turismocoria.es\/turismo\/wp-content\/uploads\/2021\/04\/silueta-coria-azul-300x37.png 300w, https:\/\/turismocoria.es\/turismo\/wp-content\/uploads\/2021\/04\/silueta-coria-azul-768x95.png 768w, https:\/\/turismocoria.es\/turismo\/wp-content\/uploads\/2021\/04\/silueta-coria-azul-1536x191.png 1536w, https:\/\/turismocoria.es\/turismo\/wp-content\/uploads\/2021\/04\/silueta-coria-azul-2048x255.png 2048w, https:\/\/turismocoria.es\/turismo\/wp-content\/uploads\/2021\/04\/silueta-coria-azul-1600x199.png 1600w\" sizes=\"(max-width: 1024px) 100vw, 1024px\" \/><\/noscript><\/a><\/figure>\n","protected":false},"excerpt":{"rendered":"<p>La Ciudad de Coria tiene ese punto m\u00e1gico que solo conoce el que viene y siente las huellas de su milenario pasado hist\u00f3rico escritas en las cicatrices de sus piedras, que disfruta del sello distintivo de sus Genuinas tradiciones, que saborea el aroma de sus fogones, que percibe la fragancia de sus paisajes, o que [&hellip;]<\/p>\n","protected":false},"author":1,"featured_media":1228,"parent":0,"menu_order":0,"comment_status":"closed","ping_status":"closed","template":"","meta":{"_uag_custom_page_level_css":"","site-sidebar-layout":"no-sidebar","site-content-layout":"page-builder","ast-site-content-layout":"","site-content-style":"default","site-sidebar-style":"default","ast-global-header-display":"","ast-banner-title-visibility":"","ast-main-header-display":"","ast-hfb-above-header-display":"","ast-hfb-below-header-display":"","ast-hfb-mobile-header-display":"","site-post-title":"disabled","ast-breadcrumbs-content":"","ast-featured-img":"disabled","footer-sml-layout":"","theme-transparent-header-meta":"default","adv-header-id-meta":"","stick-header-meta":"","header-above-stick-meta":"","header-main-stick-meta":"","header-below-stick-meta":"","astra-migrate-meta-layouts":"default","ast-page-background-enabled":"default","ast-page-background-meta":{"desktop":{"background-color":"","background-image":"","background-repeat":"repeat","background-position":"center center","background-size":"auto","background-attachment":"scroll","background-type":"","background-media":"","overlay-type":"","overlay-color":"","overlay-opacity":"","overlay-gradient":""},"tablet":{"background-color":"","background-image":"","background-repeat":"repeat","background-position":"center center","background-size":"auto","background-attachment":"scroll","background-type":"","background-media":"","overlay-type":"","overlay-color":"","overlay-opacity":"","overlay-gradient":""},"mobile":{"background-color":"","background-image":"","background-repeat":"repeat","background-position":"center center","background-size":"auto","background-attachment":"scroll","background-type":"","background-media":"","overlay-type":"","overlay-color":"","overlay-opacity":"","overlay-gradient":""}},"ast-content-background-meta":{"desktop":{"background-color":"var(--ast-global-color-5)","background-image":"","background-repeat":"repeat","background-position":"center center","background-size":"auto","background-attachment":"scroll","background-type":"","background-media":"","overlay-type":"","overlay-color":"","overlay-opacity":"","overlay-gradient":""},"tablet":{"background-color":"var(--ast-global-color-5)","background-image":"","background-repeat":"repeat","background-position":"center center","background-size":"auto","background-attachment":"scroll","background-type":"","background-media":"","overlay-type":"","overlay-color":"","overlay-opacity":"","overlay-gradient":""},"mobile":{"background-color":"var(--ast-global-color-5)","background-image":"","background-repeat":"repeat","background-position":"center center","background-size":"auto","background-attachment":"scroll","background-type":"","background-media":"","overlay-type":"","overlay-color":"","overlay-opacity":"","overlay-gradient":""}},"_EventAllDay":false,"_EventTimezone":"","_EventStartDate":"","_EventEndDate":"","_EventStartDateUTC":"","_EventEndDateUTC":"","_EventShowMap":false,"_EventShowMapLink":false,"_EventURL":"","_EventCost":"","_EventCostDescription":"","_EventCurrencySymbol":"","_EventCurrencyCode":"","_EventCurrencyPosition":"","_EventDateTimeSeparator":"","_EventTimeRangeSeparator":"","_EventOrganizerID":[],"_EventVenueID":0,"_OrganizerEmail":"","_OrganizerPhone":"","_OrganizerWebsite":"","_VenueAddress":"","_VenueCity":"","_VenueCountry":"","_VenueProvince":"","_VenueZip":"","_VenuePhone":"","_VenueURL":"","_VenueStateProvince":"","_VenueLat":"","_VenueLng":"","footnotes":""},"class_list":["post-479","page","type-page","status-publish","has-post-thumbnail","hentry"],"featured_image_src":"https:\/\/turismocoria.es\/turismo\/wp-content\/uploads\/2021\/03\/palacio-duques-de-alba-en-coria-1-600x400.jpg","featured_image_src_square":"https:\/\/turismocoria.es\/turismo\/wp-content\/uploads\/2021\/03\/palacio-duques-de-alba-en-coria-1-600x600.jpg","uagb_featured_image_src":{"full":["https:\/\/turismocoria.es\/turismo\/wp-content\/uploads\/2021\/03\/palacio-duques-de-alba-en-coria-1.jpg",1200,900,false],"thumbnail":["https:\/\/turismocoria.es\/turismo\/wp-content\/uploads\/2021\/03\/palacio-duques-de-alba-en-coria-1-150x150.jpg",150,150,true],"medium":["https:\/\/turismocoria.es\/turismo\/wp-content\/uploads\/2021\/03\/palacio-duques-de-alba-en-coria-1-300x225.jpg",300,225,true],"medium_large":["https:\/\/turismocoria.es\/turismo\/wp-content\/uploads\/2021\/03\/palacio-duques-de-alba-en-coria-1-768x576.jpg",768,576,true],"large":["https:\/\/turismocoria.es\/turismo\/wp-content\/uploads\/2021\/03\/palacio-duques-de-alba-en-coria-1-1024x768.jpg",1024,768,true],"gs-tiny":["https:\/\/turismocoria.es\/turismo\/wp-content\/uploads\/2021\/03\/palacio-duques-de-alba-en-coria-1.jpg",50,38,false],"xl":["https:\/\/turismocoria.es\/turismo\/wp-content\/uploads\/2021\/03\/palacio-duques-de-alba-en-coria-1.jpg",1200,900,false],"xxl":["https:\/\/turismocoria.es\/turismo\/wp-content\/uploads\/2021\/03\/palacio-duques-de-alba-en-coria-1.jpg",1200,900,false],"xxxl":["https:\/\/turismocoria.es\/turismo\/wp-content\/uploads\/2021\/03\/palacio-duques-de-alba-en-coria-1.jpg",1200,900,false],"xxxxl":["https:\/\/turismocoria.es\/turismo\/wp-content\/uploads\/2021\/03\/palacio-duques-de-alba-en-coria-1.jpg",1200,900,false],"xxxxxl":["https:\/\/turismocoria.es\/turismo\/wp-content\/uploads\/2021\/03\/palacio-duques-de-alba-en-coria-1.jpg",1200,900,false],"1536x1536":["https:\/\/turismocoria.es\/turismo\/wp-content\/uploads\/2021\/03\/palacio-duques-de-alba-en-coria-1.jpg",1200,900,false],"2048x2048":["https:\/\/turismocoria.es\/turismo\/wp-content\/uploads\/2021\/03\/palacio-duques-de-alba-en-coria-1.jpg",1200,900,false],"ultp_layout_landscape_large":["https:\/\/turismocoria.es\/turismo\/wp-content\/uploads\/2021\/03\/palacio-duques-de-alba-en-coria-1-1200x800.jpg",1200,800,true],"ultp_layout_landscape":["https:\/\/turismocoria.es\/turismo\/wp-content\/uploads\/2021\/03\/palacio-duques-de-alba-en-coria-1-870x570.jpg",870,570,true],"ultp_layout_portrait":["https:\/\/turismocoria.es\/turismo\/wp-content\/uploads\/2021\/03\/palacio-duques-de-alba-en-coria-1-600x900.jpg",600,900,true],"ultp_layout_square":["https:\/\/turismocoria.es\/turismo\/wp-content\/uploads\/2021\/03\/palacio-duques-de-alba-en-coria-1-600x600.jpg",600,600,true],"gb-block-post-grid-landscape":["https:\/\/turismocoria.es\/turismo\/wp-content\/uploads\/2021\/03\/palacio-duques-de-alba-en-coria-1-600x400.jpg",600,400,true],"gb-block-post-grid-square":["https:\/\/turismocoria.es\/turismo\/wp-content\/uploads\/2021\/03\/palacio-duques-de-alba-en-coria-1-600x600.jpg",600,600,true]},"uagb_author_info":{"display_name":"admin","author_link":"https:\/\/turismocoria.es\/turismo\/author\/admin\/"},"uagb_comment_info":0,"uagb_excerpt":"La Ciudad de Coria tiene ese punto m\u00e1gico que solo conoce el que viene y siente las huellas de su milenario pasado hist\u00f3rico escritas en las cicatrices de sus piedras, que disfruta del sello distintivo de sus Genuinas tradiciones, que saborea el aroma de sus fogones, que percibe la fragancia de sus paisajes, o que&hellip;","_links":{"self":[{"href":"https:\/\/turismocoria.es\/turismo\/wp-json\/wp\/v2\/pages\/479"}],"collection":[{"href":"https:\/\/turismocoria.es\/turismo\/wp-json\/wp\/v2\/pages"}],"about":[{"href":"https:\/\/turismocoria.es\/turismo\/wp-json\/wp\/v2\/types\/page"}],"author":[{"embeddable":true,"href":"https:\/\/turismocoria.es\/turismo\/wp-json\/wp\/v2\/users\/1"}],"replies":[{"embeddable":true,"href":"https:\/\/turismocoria.es\/turismo\/wp-json\/wp\/v2\/comments?post=479"}],"version-history":[{"count":0,"href":"https:\/\/turismocoria.es\/turismo\/wp-json\/wp\/v2\/pages\/479\/revisions"}],"wp:featuredmedia":[{"embeddable":true,"href":"https:\/\/turismocoria.es\/turismo\/wp-json\/wp\/v2\/media\/1228"}],"wp:attachment":[{"href":"https:\/\/turismocoria.es\/turismo\/wp-json\/wp\/v2\/media?parent=479"}],"curies":[{"name":"wp","href":"https:\/\/api.w.org\/{rel}","templated":true}]}}