{"id":1808,"date":"2021-04-28T13:20:01","date_gmt":"2021-04-28T11:20:01","guid":{"rendered":"https:\/\/turismo.beta.coriaenimagenes.com\/?page_id=1808"},"modified":"2021-06-06T13:09:36","modified_gmt":"2021-06-06T11:09:36","slug":"vive-una-experiencia-taurina","status":"publish","type":"page","link":"https:\/\/turismocoria.es\/turismo\/vive-una-experiencia-taurina\/","title":{"rendered":"Vive Una Experiencia Taurina"},"content":{"rendered":"\n<div style=\"height:20px\" aria-hidden=\"true\" class=\"wp-block-spacer\"><\/div>\n\n\n\n<div class=\"wp-block-cover has-background-dim\"><img loading=\"lazy\" decoding=\"async\" width=\"1067\" height=\"712\" class=\"wp-block-cover__image-background wp-image-373 lazyload\" alt=\"\" data-src=\"https:\/\/turismocoria.es\/turismo\/wp-content\/uploads\/2021\/02\/san-juan-coria.png\" style=\"--smush-placeholder-width: 1067px; --smush-placeholder-aspect-ratio: 1067\/712;object-position:50% 64%\" data-object-fit=\"cover\" data-object-position=\"50% 64%\" data-srcset=\"https:\/\/turismocoria.es\/turismo\/wp-content\/uploads\/2021\/02\/san-juan-coria.png 1067w, https:\/\/turismocoria.es\/turismo\/wp-content\/uploads\/2021\/02\/san-juan-coria-300x200.png 300w, https:\/\/turismocoria.es\/turismo\/wp-content\/uploads\/2021\/02\/san-juan-coria-1024x683.png 1024w, https:\/\/turismocoria.es\/turismo\/wp-content\/uploads\/2021\/02\/san-juan-coria-768x512.png 768w, https:\/\/turismocoria.es\/turismo\/wp-content\/uploads\/2021\/02\/san-juan-coria-600x400.png 600w\" data-sizes=\"(max-width: 1067px) 100vw, 1067px\" src=\"data:image\/gif;base64,R0lGODlhAQABAAAAACH5BAEKAAEALAAAAAABAAEAAAICTAEAOw==\" \/><noscript><img loading=\"lazy\" decoding=\"async\" width=\"1067\" height=\"712\" class=\"wp-block-cover__image-background wp-image-373\" alt=\"\" src=\"https:\/\/turismocoria.es\/turismo\/wp-content\/uploads\/2021\/02\/san-juan-coria.png\" style=\"object-position:50% 64%\" data-object-fit=\"cover\" data-object-position=\"50% 64%\" srcset=\"https:\/\/turismocoria.es\/turismo\/wp-content\/uploads\/2021\/02\/san-juan-coria.png 1067w, https:\/\/turismocoria.es\/turismo\/wp-content\/uploads\/2021\/02\/san-juan-coria-300x200.png 300w, https:\/\/turismocoria.es\/turismo\/wp-content\/uploads\/2021\/02\/san-juan-coria-1024x683.png 1024w, https:\/\/turismocoria.es\/turismo\/wp-content\/uploads\/2021\/02\/san-juan-coria-768x512.png 768w, https:\/\/turismocoria.es\/turismo\/wp-content\/uploads\/2021\/02\/san-juan-coria-600x400.png 600w\" sizes=\"(max-width: 1067px) 100vw, 1067px\" \/><\/noscript><div class=\"wp-block-cover__inner-container is-layout-flow wp-block-cover-is-layout-flow\">\n<h1 class=\"has-text-align-center wp-block-heading\"><em>Vive una Experiencia Taurina<\/em><\/h1>\n<\/div><\/div>\n\n\n\n<div style=\"height:20px\" aria-hidden=\"true\" class=\"wp-block-spacer\"><\/div>\n\n\n\n<div class=\"wp-block-columns margen-derecho-50 margen-izquierdo-50 margin-top-50 is-layout-flex wp-container-core-columns-is-layout-1 wp-block-columns-is-layout-flex\">\n<div class=\"wp-block-column is-layout-flow wp-block-column-is-layout-flow\">\n<p>La <strong><a href=\"https:\/\/turismocoria.es\/turismo\/ciudad-de-coria\/\" data-type=\"page\" data-id=\"1061\"><span style=\"text-decoration: underline;\">Ciudad de Coria<\/span><\/a><\/strong> es un para\u00edso de experiencias y emociones; por ello, le proponemos la posibilidad de tener una serie de vivencias inolvidables basadas en los sentimientos, las costumbres y las aficiones que solo los viajeros podr\u00e1n experimentar mientras dure su visita por esta tierra, que lleva impreso el sello del aroma de la tradici\u00f3n taurina grabado a fuego dentro de su gen\u00e9tica ancestral colectiva.<\/p>\n\n\n\n<p>Un turismo experiencial, de tipo cultural y ecol\u00f3gico, del que le brindamos la oportunidad de practicar y vivir su propia historia de forma sorprendente, entretenida y fascinante, bien de manera independiente o de modo compartido grupalmente, con el objetivo de que le provoquen esas emociones dormidas por la rutina diaria y que le toquen el coraz\u00f3n en lugar de sentarse a descansar y ver pasar la vida desconectados del mundo rural.<\/p>\n\n\n\n<p> <\/p>\n\n\n\n<div class=\"wp-block-media-text alignwide is-stacked-on-mobile is-image-fill\"><figure class=\"wp-block-media-text__media lazyload\" style=\"background-image:inherit;background-position:50% 50%\" data-bg-image=\"url(https:\/\/turismocoria.es\/turismo\/wp-content\/uploads\/2021\/05\/un-dia-entre-victorinos-01-1024x685.jpg)\"><img loading=\"lazy\" decoding=\"async\" width=\"1024\" height=\"685\" data-src=\"https:\/\/turismocoria.es\/turismo\/wp-content\/uploads\/2021\/05\/un-dia-entre-victorinos-01-1024x685.jpg\" alt=\"\" class=\"wp-image-2377 size-full lazyload\" data-srcset=\"https:\/\/turismocoria.es\/turismo\/wp-content\/uploads\/2021\/05\/un-dia-entre-victorinos-01-1024x685.jpg 1024w, https:\/\/turismocoria.es\/turismo\/wp-content\/uploads\/2021\/05\/un-dia-entre-victorinos-01-300x201.jpg 300w, https:\/\/turismocoria.es\/turismo\/wp-content\/uploads\/2021\/05\/un-dia-entre-victorinos-01-768x514.jpg 768w, https:\/\/turismocoria.es\/turismo\/wp-content\/uploads\/2021\/05\/un-dia-entre-victorinos-01-600x400.jpg 600w, https:\/\/turismocoria.es\/turismo\/wp-content\/uploads\/2021\/05\/un-dia-entre-victorinos-01.jpg 1200w\" data-sizes=\"(max-width: 1024px) 100vw, 1024px\" src=\"data:image\/gif;base64,R0lGODlhAQABAAAAACH5BAEKAAEALAAAAAABAAEAAAICTAEAOw==\" style=\"--smush-placeholder-width: 1024px; --smush-placeholder-aspect-ratio: 1024\/685;\" \/><noscript><img loading=\"lazy\" decoding=\"async\" width=\"1024\" height=\"685\" src=\"https:\/\/turismocoria.es\/turismo\/wp-content\/uploads\/2021\/05\/un-dia-entre-victorinos-01-1024x685.jpg\" alt=\"\" class=\"wp-image-2377 size-full\" srcset=\"https:\/\/turismocoria.es\/turismo\/wp-content\/uploads\/2021\/05\/un-dia-entre-victorinos-01-1024x685.jpg 1024w, https:\/\/turismocoria.es\/turismo\/wp-content\/uploads\/2021\/05\/un-dia-entre-victorinos-01-300x201.jpg 300w, https:\/\/turismocoria.es\/turismo\/wp-content\/uploads\/2021\/05\/un-dia-entre-victorinos-01-768x514.jpg 768w, https:\/\/turismocoria.es\/turismo\/wp-content\/uploads\/2021\/05\/un-dia-entre-victorinos-01-600x400.jpg 600w, https:\/\/turismocoria.es\/turismo\/wp-content\/uploads\/2021\/05\/un-dia-entre-victorinos-01.jpg 1200w\" sizes=\"(max-width: 1024px) 100vw, 1024px\" \/><\/noscript><\/figure><div class=\"wp-block-media-text__content\">\n<p><strong>Entre toros y dehesas\u2026<\/strong>  <\/p>\n\n\n\n<p>Poder vivir un circuito taurino es una experiencia de ecologismo en estado puro, ejemplo de sostenibilidad, y un recorrido, solo reservado a muy pocos, que ahora el turista tiene a su alcance para visitar el h\u00e1bitat del toro bravo: la dehesa, donde poder contemplar a este hermoso animal emblem\u00e1tico \u00fanico, en el que lo rural se funde en perfecta armon\u00eda con lo tradicional y lo ancestral.<\/p>\n\n\n\n<p><strong><a href=\"https:\/\/turismocoria.es\/turismo\/vive-una-experiencia-taurina\/entre-toros-dehesas\/un-dia-entre-victorinos\/\" data-type=\"page\" data-id=\"822\"><span style=\"text-decoration: underline;\">\u201cUn d\u00eda entre Victorinos\u201d<\/span><\/a><\/strong> es un apasionante viaje de visita, a una de las ganader\u00edas m\u00e1s emblem\u00e1ticas de la Espa\u00f1a taurina, convertido en una sensaci\u00f3n \u00fanica que le despertar\u00e1 m\u00faltiples emociones en pleno contacto con la naturaleza y su interacci\u00f3n con este m\u00edtico animal en libertad. Afronte la mirada de un \u2018Victorino\u2019 y sienta la conexi\u00f3n que se establece con lo m\u00e1s rec\u00f3ndito de su identidad. Una jornada inolvidable en un ecosistema puro en el que se entremezclan: paisajes, toros, caballos, gastronom\u00eda y arte. Una experiencia completa y permanente que fijar\u00e1 para siempre im\u00e1genes imborrables en su memoria.<\/p>\n\n\n\n<p> <\/p>\n<\/div><\/div>\n\n\n\n<div style=\"height:20px\" aria-hidden=\"true\" class=\"wp-block-spacer\"><\/div>\n\n\n\n<p><strong><a href=\"https:\/\/turismocoria.es\/turismo\/vive-una-experiencia-taurina\/entre-toros-dehesas\/un-dia-en-el-campo-bravo\/\" data-type=\"page\" data-id=\"824\"><span style=\"text-decoration: underline;\">\u201cUn d\u00eda en el campo bravo\u201d<\/span><\/a><\/strong> es otra excitante jornada de turismo taurino, llena de recuerdos, que le invita a revivir las afectuosas vivencias compartidas durante un largo d\u00eda de campo en la que ser\u00e1, sin duda, una experiencia perdurable en el tiempo cargada de momentos y sentimientos como es compartir la crianza del toro bravo de lidia como una de las razas bovinas m\u00e1s antiguas del mundo y joya del patrimonio gen\u00e9tico espa\u00f1ol. El contacto directo con ese guardi\u00e1n de la dehesa ib\u00e9rica de alto valor medioambiental, que convive en perfecto equilibrio y armon\u00eda con la flora y fauna aut\u00f3ctonas contribuyendo a fijar la poblaci\u00f3n rural.<\/p>\n\n\n\n<p><strong>Visita de ganader\u00edas\u2026<\/strong><\/p>\n\n\n\n<p>En la Ciudad de Coria radican una serie de <strong><a href=\"https:\/\/turismocoria.es\/turismo\/vive-una-experiencia-taurina\/visita-de-ganaderias\/\" data-type=\"page\" data-id=\"828\"><span style=\"text-decoration: underline;\">empresas de turismo taurino<\/span><\/a><\/strong> l\u00edderes y pioneras especializadas en este sector, a trav\u00e9s de las cu\u00e1les se puede tener el privilegio de estar en pleno contacto con el toro bravo en libertad visitando las fincas en las que pastan las principales ganader\u00edas del campo bravo extreme\u00f1o.<\/p>\n\n\n\n<p>Y es que Extremadura es, actualmente, la reina de la dehesa, la encina y el toro. En ella pastan m\u00e1s de 120 ganader\u00edas de reses bravas en este entorno \u00fanico e irrepetible. Una tierra agradecida a esa especie ancestral que es el toro de lidia, a los que les ofrece la pureza de sus pastos, la bondad de su climatolog\u00eda, la belleza de su entorno natural y el amor del trabajo de esos ganaderos, mayorales y vaqueros que dedican su vida a la crianza de este bello animal, que tanta raza y riqueza crea en nuestra regi\u00f3n y pa\u00eds.<\/p>\n\n\n\n<div class=\"wp-block-media-text alignwide has-media-on-the-right is-stacked-on-mobile is-image-fill\"><figure class=\"wp-block-media-text__media lazyload\" style=\"background-image:inherit;background-position:50% 50%\" data-bg-image=\"url(https:\/\/turismocoria.es\/turismo\/wp-content\/uploads\/2021\/05\/recorrido-encierro-san-juan-coria-1024x684.jpg)\"><img loading=\"lazy\" decoding=\"async\" width=\"1024\" height=\"684\" data-src=\"https:\/\/turismocoria.es\/turismo\/wp-content\/uploads\/2021\/05\/recorrido-encierro-san-juan-coria-1024x684.jpg\" alt=\"Reccorido San Juan Coria\" class=\"wp-image-2381 size-full lazyload\" data-srcset=\"https:\/\/turismocoria.es\/turismo\/wp-content\/uploads\/2021\/05\/recorrido-encierro-san-juan-coria-1024x684.jpg 1024w, https:\/\/turismocoria.es\/turismo\/wp-content\/uploads\/2021\/05\/recorrido-encierro-san-juan-coria-300x200.jpg 300w, https:\/\/turismocoria.es\/turismo\/wp-content\/uploads\/2021\/05\/recorrido-encierro-san-juan-coria-768x513.jpg 768w, https:\/\/turismocoria.es\/turismo\/wp-content\/uploads\/2021\/05\/recorrido-encierro-san-juan-coria-1536x1025.jpg 1536w, https:\/\/turismocoria.es\/turismo\/wp-content\/uploads\/2021\/05\/recorrido-encierro-san-juan-coria-1600x1068.jpg 1600w, https:\/\/turismocoria.es\/turismo\/wp-content\/uploads\/2021\/05\/recorrido-encierro-san-juan-coria-1200x800.jpg 1200w, https:\/\/turismocoria.es\/turismo\/wp-content\/uploads\/2021\/05\/recorrido-encierro-san-juan-coria-600x400.jpg 600w, https:\/\/turismocoria.es\/turismo\/wp-content\/uploads\/2021\/05\/recorrido-encierro-san-juan-coria.jpg 1772w\" data-sizes=\"(max-width: 1024px) 100vw, 1024px\" src=\"data:image\/gif;base64,R0lGODlhAQABAAAAACH5BAEKAAEALAAAAAABAAEAAAICTAEAOw==\" style=\"--smush-placeholder-width: 1024px; --smush-placeholder-aspect-ratio: 1024\/684;\" \/><noscript><img loading=\"lazy\" decoding=\"async\" width=\"1024\" height=\"684\" src=\"https:\/\/turismocoria.es\/turismo\/wp-content\/uploads\/2021\/05\/recorrido-encierro-san-juan-coria-1024x684.jpg\" alt=\"Reccorido San Juan Coria\" class=\"wp-image-2381 size-full\" srcset=\"https:\/\/turismocoria.es\/turismo\/wp-content\/uploads\/2021\/05\/recorrido-encierro-san-juan-coria-1024x684.jpg 1024w, https:\/\/turismocoria.es\/turismo\/wp-content\/uploads\/2021\/05\/recorrido-encierro-san-juan-coria-300x200.jpg 300w, https:\/\/turismocoria.es\/turismo\/wp-content\/uploads\/2021\/05\/recorrido-encierro-san-juan-coria-768x513.jpg 768w, https:\/\/turismocoria.es\/turismo\/wp-content\/uploads\/2021\/05\/recorrido-encierro-san-juan-coria-1536x1025.jpg 1536w, https:\/\/turismocoria.es\/turismo\/wp-content\/uploads\/2021\/05\/recorrido-encierro-san-juan-coria-1600x1068.jpg 1600w, https:\/\/turismocoria.es\/turismo\/wp-content\/uploads\/2021\/05\/recorrido-encierro-san-juan-coria-1200x800.jpg 1200w, https:\/\/turismocoria.es\/turismo\/wp-content\/uploads\/2021\/05\/recorrido-encierro-san-juan-coria-600x400.jpg 600w, https:\/\/turismocoria.es\/turismo\/wp-content\/uploads\/2021\/05\/recorrido-encierro-san-juan-coria.jpg 1772w\" sizes=\"(max-width: 1024px) 100vw, 1024px\" \/><\/noscript><\/figure><div class=\"wp-block-media-text__content\">\n<p><strong>El recorrido del encierro\u2026<\/strong><\/p>\n\n\n\n<p>Vivir la experiencia de presenciar o correr un encierro de toros, bien de madrugada o de ma\u00f1ana, es una s\u00edntesis de color y movimiento, de emoci\u00f3n y espect\u00e1culo que hacen vibrar al p\u00fablico durante su suelta en la que el toro es toro, la tradici\u00f3n es tradici\u00f3n y la emoci\u00f3n es riesgo en nuestras ancestrales <strong><a href=\"https:\/\/turismocoria.es\/turismo\/fiestas-y-eventos-para-disfrutar\/fiestas-san-juan\/\" data-type=\"page\" data-id=\"568\"><span style=\"text-decoration: underline;\">Fiestas de San Juan<\/span><\/a><\/strong>.<\/p>\n\n\n\n<p>Por ello, independientemente de si el viajero es taurino o no, bien har\u00e1 primeramente en informarse sobre las <strong>medidas de seguridad<\/strong> establecidas para ello, adem\u00e1s de saber c\u00f3mo se comportan los astados en cada uno de los tramos y cu\u00e1les son los riesgos asumidos por los corredores que deseen saborear, de verdad, tan original manera de correr los toros por el recorrido de calles sinuosas por las que transita del casco  urbano e hist\u00f3rico de la Ciudad de Coria: desde el inicio del recorrido del encierro, comenzando por los Corrales de Suelta de la Calle M\u00e1rtires, pasando por cada uno de sus trayectos: 1\u00ba Tramo de la Avenida Sierra de Gata, 2\u00ba Tramo de la Calle Encierro, 3\u00ba Tramo de la Plaza de la Cava, 4\u00ba Tramo de la R\u00faa de los Pa\u00f1os, 5\u00ba Tramo de las Cuatro Calles, hasta llegar al Toril de la Plaza de Toros donde tiene lugar el final del recorrido del encierro.<\/p>\n<\/div><\/div>\n\n\n\n<div style=\"height:20px\" aria-hidden=\"true\" class=\"wp-block-spacer\"><\/div>\n\n\n\n<p>En definitiva, tradiciones y costumbres enraizadas, \u00fanicas e inigualables todas ellas, cuyas experiencias aguardan a ser descubiertas y vividas de forma segura, apacible y sostenible por los entusiastas turistas que se acercan a conocer y saber un poco m\u00e1s de ese tot\u00e9mico animal que es el toro bravo de lidia, convertido en se\u00f1or de la dehesa y de la calle desde el punto de vista ecol\u00f3gico, gen\u00e9tico e hist\u00f3rico que, a buen seguro, le cautivar\u00e1 y atrapar\u00e1 para siempre con su penetrante y desafiante mirada.<\/p>\n<\/div>\n<\/div>\n\n\n\n<figure class=\"wp-block-image alignfull size-large enlace-desactivado disabled\"><a href=\"#\"><img loading=\"lazy\" decoding=\"async\" width=\"1024\" height=\"127\" data-src=\"https:\/\/turismocoria.es\/turismo\/wp-content\/uploads\/2021\/04\/silueta-coria-azul-1024x127.png\" alt=\"Silueta Ciudad de Coria\" class=\"wp-image-1796 lazyload\" data-srcset=\"https:\/\/turismocoria.es\/turismo\/wp-content\/uploads\/2021\/04\/silueta-coria-azul-1024x127.png 1024w, https:\/\/turismocoria.es\/turismo\/wp-content\/uploads\/2021\/04\/silueta-coria-azul-300x37.png 300w, https:\/\/turismocoria.es\/turismo\/wp-content\/uploads\/2021\/04\/silueta-coria-azul-768x95.png 768w, https:\/\/turismocoria.es\/turismo\/wp-content\/uploads\/2021\/04\/silueta-coria-azul-1536x191.png 1536w, https:\/\/turismocoria.es\/turismo\/wp-content\/uploads\/2021\/04\/silueta-coria-azul-2048x255.png 2048w, https:\/\/turismocoria.es\/turismo\/wp-content\/uploads\/2021\/04\/silueta-coria-azul-1600x199.png 1600w\" data-sizes=\"(max-width: 1024px) 100vw, 1024px\" src=\"data:image\/gif;base64,R0lGODlhAQABAAAAACH5BAEKAAEALAAAAAABAAEAAAICTAEAOw==\" style=\"--smush-placeholder-width: 1024px; --smush-placeholder-aspect-ratio: 1024\/127;\" \/><noscript><img loading=\"lazy\" decoding=\"async\" width=\"1024\" height=\"127\" src=\"https:\/\/turismocoria.es\/turismo\/wp-content\/uploads\/2021\/04\/silueta-coria-azul-1024x127.png\" alt=\"Silueta Ciudad de Coria\" class=\"wp-image-1796\" srcset=\"https:\/\/turismocoria.es\/turismo\/wp-content\/uploads\/2021\/04\/silueta-coria-azul-1024x127.png 1024w, https:\/\/turismocoria.es\/turismo\/wp-content\/uploads\/2021\/04\/silueta-coria-azul-300x37.png 300w, https:\/\/turismocoria.es\/turismo\/wp-content\/uploads\/2021\/04\/silueta-coria-azul-768x95.png 768w, https:\/\/turismocoria.es\/turismo\/wp-content\/uploads\/2021\/04\/silueta-coria-azul-1536x191.png 1536w, https:\/\/turismocoria.es\/turismo\/wp-content\/uploads\/2021\/04\/silueta-coria-azul-2048x255.png 2048w, https:\/\/turismocoria.es\/turismo\/wp-content\/uploads\/2021\/04\/silueta-coria-azul-1600x199.png 1600w\" sizes=\"(max-width: 1024px) 100vw, 1024px\" \/><\/noscript><\/a><\/figure>\n","protected":false},"excerpt":{"rendered":"<p>La Ciudad de Coria es un para\u00edso de experiencias y emociones; por ello, le proponemos la posibilidad de tener una serie de vivencias inolvidables basadas en los sentimientos, las costumbres y las aficiones que solo los viajeros podr\u00e1n experimentar mientras dure su visita por esta tierra, que lleva impreso el sello del aroma de la [&hellip;]<\/p>\n","protected":false},"author":1,"featured_media":2389,"parent":0,"menu_order":0,"comment_status":"closed","ping_status":"closed","template":"","meta":{"_uag_custom_page_level_css":"","site-sidebar-layout":"no-sidebar","site-content-layout":"page-builder","ast-site-content-layout":"","site-content-style":"default","site-sidebar-style":"default","ast-global-header-display":"","ast-banner-title-visibility":"","ast-main-header-display":"","ast-hfb-above-header-display":"","ast-hfb-below-header-display":"","ast-hfb-mobile-header-display":"","site-post-title":"disabled","ast-breadcrumbs-content":"","ast-featured-img":"disabled","footer-sml-layout":"","theme-transparent-header-meta":"default","adv-header-id-meta":"","stick-header-meta":"","header-above-stick-meta":"","header-main-stick-meta":"","header-below-stick-meta":"","astra-migrate-meta-layouts":"default","ast-page-background-enabled":"default","ast-page-background-meta":{"desktop":{"background-color":"","background-image":"","background-repeat":"repeat","background-position":"center center","background-size":"auto","background-attachment":"scroll","background-type":"","background-media":"","overlay-type":"","overlay-color":"","overlay-opacity":"","overlay-gradient":""},"tablet":{"background-color":"","background-image":"","background-repeat":"repeat","background-position":"center center","background-size":"auto","background-attachment":"scroll","background-type":"","background-media":"","overlay-type":"","overlay-color":"","overlay-opacity":"","overlay-gradient":""},"mobile":{"background-color":"","background-image":"","background-repeat":"repeat","background-position":"center center","background-size":"auto","background-attachment":"scroll","background-type":"","background-media":"","overlay-type":"","overlay-color":"","overlay-opacity":"","overlay-gradient":""}},"ast-content-background-meta":{"desktop":{"background-color":"var(--ast-global-color-5)","background-image":"","background-repeat":"repeat","background-position":"center center","background-size":"auto","background-attachment":"scroll","background-type":"","background-media":"","overlay-type":"","overlay-color":"","overlay-opacity":"","overlay-gradient":""},"tablet":{"background-color":"var(--ast-global-color-5)","background-image":"","background-repeat":"repeat","background-position":"center center","background-size":"auto","background-attachment":"scroll","background-type":"","background-media":"","overlay-type":"","overlay-color":"","overlay-opacity":"","overlay-gradient":""},"mobile":{"background-color":"var(--ast-global-color-5)","background-image":"","background-repeat":"repeat","background-position":"center center","background-size":"auto","background-attachment":"scroll","background-type":"","background-media":"","overlay-type":"","overlay-color":"","overlay-opacity":"","overlay-gradient":""}},"_EventAllDay":false,"_EventTimezone":"","_EventStartDate":"","_EventEndDate":"","_EventStartDateUTC":"","_EventEndDateUTC":"","_EventShowMap":false,"_EventShowMapLink":false,"_EventURL":"","_EventCost":"","_EventCostDescription":"","_EventCurrencySymbol":"","_EventCurrencyCode":"","_EventCurrencyPosition":"","_EventDateTimeSeparator":"","_EventTimeRangeSeparator":"","_EventOrganizerID":[],"_EventVenueID":0,"_OrganizerEmail":"","_OrganizerPhone":"","_OrganizerWebsite":"","_VenueAddress":"","_VenueCity":"","_VenueCountry":"","_VenueProvince":"","_VenueZip":"","_VenuePhone":"","_VenueURL":"","_VenueStateProvince":"","_VenueLat":"","_VenueLng":"","footnotes":""},"class_list":["post-1808","page","type-page","status-publish","has-post-thumbnail","hentry"],"featured_image_src":"https:\/\/turismocoria.es\/turismo\/wp-content\/uploads\/2021\/05\/un-dia-entre-victorinos-01-1-600x400.jpg","featured_image_src_square":"https:\/\/turismocoria.es\/turismo\/wp-content\/uploads\/2021\/05\/un-dia-entre-victorinos-01-1-600x600.jpg","uagb_featured_image_src":{"full":["https:\/\/turismocoria.es\/turismo\/wp-content\/uploads\/2021\/05\/un-dia-entre-victorinos-01-1.jpg",1200,803,false],"thumbnail":["https:\/\/turismocoria.es\/turismo\/wp-content\/uploads\/2021\/05\/un-dia-entre-victorinos-01-1-150x150.jpg",150,150,true],"medium":["https:\/\/turismocoria.es\/turismo\/wp-content\/uploads\/2021\/05\/un-dia-entre-victorinos-01-1-300x201.jpg",300,201,true],"medium_large":["https:\/\/turismocoria.es\/turismo\/wp-content\/uploads\/2021\/05\/un-dia-entre-victorinos-01-1-768x514.jpg",768,514,true],"large":["https:\/\/turismocoria.es\/turismo\/wp-content\/uploads\/2021\/05\/un-dia-entre-victorinos-01-1-1024x685.jpg",1024,685,true],"gs-tiny":["https:\/\/turismocoria.es\/turismo\/wp-content\/uploads\/2021\/05\/un-dia-entre-victorinos-01-1.jpg",50,33,false],"xl":["https:\/\/turismocoria.es\/turismo\/wp-content\/uploads\/2021\/05\/un-dia-entre-victorinos-01-1.jpg",1200,803,false],"xxl":["https:\/\/turismocoria.es\/turismo\/wp-content\/uploads\/2021\/05\/un-dia-entre-victorinos-01-1.jpg",1200,803,false],"xxxl":["https:\/\/turismocoria.es\/turismo\/wp-content\/uploads\/2021\/05\/un-dia-entre-victorinos-01-1.jpg",1200,803,false],"xxxxl":["https:\/\/turismocoria.es\/turismo\/wp-content\/uploads\/2021\/05\/un-dia-entre-victorinos-01-1.jpg",1200,803,false],"xxxxxl":["https:\/\/turismocoria.es\/turismo\/wp-content\/uploads\/2021\/05\/un-dia-entre-victorinos-01-1.jpg",1200,803,false],"1536x1536":["https:\/\/turismocoria.es\/turismo\/wp-content\/uploads\/2021\/05\/un-dia-entre-victorinos-01-1.jpg",1200,803,false],"2048x2048":["https:\/\/turismocoria.es\/turismo\/wp-content\/uploads\/2021\/05\/un-dia-entre-victorinos-01-1.jpg",1200,803,false],"ultp_layout_landscape_large":["https:\/\/turismocoria.es\/turismo\/wp-content\/uploads\/2021\/05\/un-dia-entre-victorinos-01-1-1200x800.jpg",1200,800,true],"ultp_layout_landscape":["https:\/\/turismocoria.es\/turismo\/wp-content\/uploads\/2021\/05\/un-dia-entre-victorinos-01-1-870x570.jpg",870,570,true],"ultp_layout_portrait":["https:\/\/turismocoria.es\/turismo\/wp-content\/uploads\/2021\/05\/un-dia-entre-victorinos-01-1-600x803.jpg",600,803,true],"ultp_layout_square":["https:\/\/turismocoria.es\/turismo\/wp-content\/uploads\/2021\/05\/un-dia-entre-victorinos-01-1-600x600.jpg",600,600,true],"gb-block-post-grid-landscape":["https:\/\/turismocoria.es\/turismo\/wp-content\/uploads\/2021\/05\/un-dia-entre-victorinos-01-1-600x400.jpg",600,400,true],"gb-block-post-grid-square":["https:\/\/turismocoria.es\/turismo\/wp-content\/uploads\/2021\/05\/un-dia-entre-victorinos-01-1-600x600.jpg",600,600,true]},"uagb_author_info":{"display_name":"admin","author_link":"https:\/\/turismocoria.es\/turismo\/author\/admin\/"},"uagb_comment_info":0,"uagb_excerpt":"La Ciudad de Coria es un para\u00edso de experiencias y emociones; por ello, le proponemos la posibilidad de tener una serie de vivencias inolvidables basadas en los sentimientos, las costumbres y las aficiones que solo los viajeros podr\u00e1n experimentar mientras dure su visita por esta tierra, que lleva impreso el sello del aroma de la&hellip;","_links":{"self":[{"href":"https:\/\/turismocoria.es\/turismo\/wp-json\/wp\/v2\/pages\/1808"}],"collection":[{"href":"https:\/\/turismocoria.es\/turismo\/wp-json\/wp\/v2\/pages"}],"about":[{"href":"https:\/\/turismocoria.es\/turismo\/wp-json\/wp\/v2\/types\/page"}],"author":[{"embeddable":true,"href":"https:\/\/turismocoria.es\/turismo\/wp-json\/wp\/v2\/users\/1"}],"replies":[{"embeddable":true,"href":"https:\/\/turismocoria.es\/turismo\/wp-json\/wp\/v2\/comments?post=1808"}],"version-history":[{"count":0,"href":"https:\/\/turismocoria.es\/turismo\/wp-json\/wp\/v2\/pages\/1808\/revisions"}],"wp:featuredmedia":[{"embeddable":true,"href":"https:\/\/turismocoria.es\/turismo\/wp-json\/wp\/v2\/media\/2389"}],"wp:attachment":[{"href":"https:\/\/turismocoria.es\/turismo\/wp-json\/wp\/v2\/media?parent=1808"}],"curies":[{"name":"wp","href":"https:\/\/api.w.org\/{rel}","templated":true}]}}