{"version":"1.0","provider_name":"Fiestas de San Juan","provider_url":"https:\/\/turismocoria.es\/sanjuan","author_name":"FiestasdeSanJuan","author_url":"https:\/\/turismocoria.es\/sanjuan\/author\/fiestasdesanjuan\/","title":"Nombramiento del Abanderado de las Fiestas de San Juan 2025","type":"rich","width":600,"height":338,"html":"<blockquote class=\"wp-embedded-content\" data-secret=\"Kz9OZpzwlZ\"><a href=\"https:\/\/turismocoria.es\/sanjuan\/evento\/nombramiento-abanderado\/\">Nombramiento del Abanderado de las Fiestas de San Juan 2025<\/a><\/blockquote><iframe sandbox=\"allow-scripts\" security=\"restricted\" src=\"https:\/\/turismocoria.es\/sanjuan\/evento\/nombramiento-abanderado\/embed\/#?secret=Kz9OZpzwlZ\" width=\"600\" height=\"338\" title=\"\u00abNombramiento del Abanderado de las Fiestas de San Juan 2025\u00bb \u2014 Fiestas de San Juan\" data-secret=\"Kz9OZpzwlZ\" frameborder=\"0\" marginwidth=\"0\" marginheight=\"0\" scrolling=\"no\" class=\"wp-embedded-content\"><\/iframe><script type=\"text\/javascript\">\n\/* <![CDATA[ *\/\n\/*! This file is auto-generated *\/\n!function(d,l){\"use strict\";l.querySelector&&d.addEventListener&&\"undefined\"!=typeof URL&&(d.wp=d.wp||{},d.wp.receiveEmbedMessage||(d.wp.receiveEmbedMessage=function(e){var t=e.data;if((t||t.secret||t.message||t.value)&&!\/[^a-zA-Z0-9]\/.test(t.secret)){for(var s,r,n,a=l.querySelectorAll('iframe[data-secret=\"'+t.secret+'\"]'),o=l.querySelectorAll('blockquote[data-secret=\"'+t.secret+'\"]'),c=new RegExp(\"^https?:$\",\"i\"),i=0;i<o.length;i++)o[i].style.display=\"none\";for(i=0;i<a.length;i++)s=a[i],e.source===s.contentWindow&&(s.removeAttribute(\"style\"),\"height\"===t.message?(1e3<(r=parseInt(t.value,10))?r=1e3:~~r<200&&(r=200),s.height=r):\"link\"===t.message&&(r=new URL(s.getAttribute(\"src\")),n=new URL(t.value),c.test(n.protocol))&&n.host===r.host&&l.activeElement===s&&(d.top.location.href=t.value))}},d.addEventListener(\"message\",d.wp.receiveEmbedMessage,!1),l.addEventListener(\"DOMContentLoaded\",function(){for(var e,t,s=l.querySelectorAll(\"iframe.wp-embedded-content\"),r=0;r<s.length;r++)(t=(e=s[r]).getAttribute(\"data-secret\"))||(t=Math.random().toString(36).substring(2,12),e.src+=\"#?secret=\"+t,e.setAttribute(\"data-secret\",t)),e.contentWindow.postMessage({message:\"ready\",secret:t},\"*\")},!1)))}(window,document);\n\/\/# sourceURL=https:\/\/turismocoria.es\/sanjuan\/wp-includes\/js\/wp-embed.min.js\n\/* ]]> *\/\n<\/script>\n","thumbnail_url":"https:\/\/turismocoria.es\/sanjuan\/wp-content\/uploads\/2018\/05\/corpus-1.jpg","thumbnail_width":1440,"thumbnail_height":800,"description":"En este acto se ratificar\u00e1 a Mart\u00edn Franco Ruiz como Abanderada de las Fiestas de San Juan 2025. Se realizar\u00e1 la lectura p\u00fablica del Nombramiento de Abanderada por parte de la Secretaria del Ayuntamiento.Posteriormente, la Alcaldesa de Coria, impondr\u00e1 a Mart\u00edn Franco Ruiz la insignia de Abanderado de las Fiestas de San Juan de 2025. El Abanderado se dirigir\u00e1 al p\u00fablico y lanzar\u00e1 el chupinazo de Inicio de Fiestas. Finalmente, se realizar\u00e1 la presentaci\u00f3n de Carlota Mart\u00edn Rodr\u00edguez, Reina de las Fiestas, y las Damas: Iris S\u00e1nchez Alfonso y Laura Hern\u00e1ndez Hern\u00e1ndez. En este acto tambi\u00e9n participan los Abanderados de las Pe\u00f1as. A continuaci\u00f3n, invitaci\u00f3n popular del Abanderado de las Fiestas a perrunillas, gazpacho y ponche en la Plaza de San Pedro."}

En este acto se ratificará a Martín Franco Ruiz como Abanderada de las Fiestas de San Juan 2025. Se realizará la lectura pública del Nombramiento de Abanderada por parte de la Secretaria del Ayuntamiento.Posteriormente, la Alcaldesa de Coria, impondrá a Martín Franco Ruiz la insignia de Abanderado de las Fiestas de San Juan de 2025. El Abanderado se dirigirá al público y lanzará el chupinazo de Inicio de Fiestas. Finalmente, se realizará la presentación de Carlota Martín Rodríguez, Reina de las Fiestas, y las Damas: Iris Sánchez Alfonso y Laura Hernández Hernández. En este acto también participan los Abanderados de las Peñas. A continuación, invitación popular del Abanderado de las Fiestas a perrunillas, gazpacho y ponche en la Plaza de San Pedro.
