{"version":"1.0","provider_name":"Fiestas de San Juan","provider_url":"https:\/\/turismocoria.es\/sanjuan","author_name":"FiestasdeSanJuan","author_url":"https:\/\/turismocoria.es\/sanjuan\/author\/fiestasdesanjuan\/","title":"Misa y Procesi\u00f3n del Corpus Christi - Fiestas de San Juan","type":"rich","width":600,"height":338,"html":"<blockquote class=\"wp-embedded-content\" data-secret=\"TWMiUIjvuc\"><a href=\"https:\/\/turismocoria.es\/sanjuan\/evento\/misa-y-procesion-del-corpus-christi\/\">Misa y Procesi\u00f3n del Corpus Christi<\/a><\/blockquote><iframe sandbox=\"allow-scripts\" security=\"restricted\" src=\"https:\/\/turismocoria.es\/sanjuan\/evento\/misa-y-procesion-del-corpus-christi\/embed\/#?secret=TWMiUIjvuc\" width=\"600\" height=\"338\" title=\"\u00abMisa y Procesi\u00f3n del Corpus Christi\u00bb \u2014 Fiestas de San Juan\" data-secret=\"TWMiUIjvuc\" frameborder=\"0\" marginwidth=\"0\" marginheight=\"0\" scrolling=\"no\" class=\"wp-embedded-content\"><\/iframe><script type=\"text\/javascript\">\n\/* <![CDATA[ *\/\n\/*! This file is auto-generated *\/\n!function(d,l){\"use strict\";l.querySelector&&d.addEventListener&&\"undefined\"!=typeof URL&&(d.wp=d.wp||{},d.wp.receiveEmbedMessage||(d.wp.receiveEmbedMessage=function(e){var t=e.data;if((t||t.secret||t.message||t.value)&&!\/[^a-zA-Z0-9]\/.test(t.secret)){for(var s,r,n,a=l.querySelectorAll('iframe[data-secret=\"'+t.secret+'\"]'),o=l.querySelectorAll('blockquote[data-secret=\"'+t.secret+'\"]'),c=new RegExp(\"^https?:$\",\"i\"),i=0;i<o.length;i++)o[i].style.display=\"none\";for(i=0;i<a.length;i++)s=a[i],e.source===s.contentWindow&&(s.removeAttribute(\"style\"),\"height\"===t.message?(1e3<(r=parseInt(t.value,10))?r=1e3:~~r<200&&(r=200),s.height=r):\"link\"===t.message&&(r=new URL(s.getAttribute(\"src\")),n=new URL(t.value),c.test(n.protocol))&&n.host===r.host&&l.activeElement===s&&(d.top.location.href=t.value))}},d.addEventListener(\"message\",d.wp.receiveEmbedMessage,!1),l.addEventListener(\"DOMContentLoaded\",function(){for(var e,t,s=l.querySelectorAll(\"iframe.wp-embedded-content\"),r=0;r<s.length;r++)(t=(e=s[r]).getAttribute(\"data-secret\"))||(t=Math.random().toString(36).substring(2,12),e.src+=\"#?secret=\"+t,e.setAttribute(\"data-secret\",t)),e.contentWindow.postMessage({message:\"ready\",secret:t},\"*\")},!1)))}(window,document);\n\/\/# sourceURL=https:\/\/turismocoria.es\/sanjuan\/wp-includes\/js\/wp-embed.min.js\n\/* ]]> *\/\n<\/script>\n","thumbnail_url":"https:\/\/turismocoria.es\/sanjuan\/wp-content\/uploads\/2018\/05\/corpus.jpg","thumbnail_width":800,"thumbnail_height":533,"description":"Acto previo al nombramiento del Abanderado de las Fiestas de San Juan. Festividad de la Eucarist\u00eda por las angostas calles del Casco Hist\u00f3rico de Coria. Festividad religiosa de fecha movible dentro del calendario cristiano al depender de la celebraci\u00f3n de la Pascua, en la que destaca la solemne Procesi\u00f3n de la Eucarist\u00eda por el Casco Hist\u00f3rico de la Ciudad de Coria que, presidida por el Obispo de la Di\u00f3cesis acompa\u00f1ado por el Cabildo y la Corporaci\u00f3n Municipal bajo mazas, congrega al pueblo cauriense para finalmente dar a conocer, desde el balc\u00f3n Consistorial, al Abanderado, Reina y Damas de Honor de las Fiestas de San Juan. Perrunillas, floretas, gazpacho, m\u00e1s el tradicional ponche, se convierten este d\u00eda en los \u00e1gapes con los que el reci\u00e9n proclamado Abanderado agasaja a sus conciudadanos y visitantes, como ya vino siendo tradici\u00f3n desde anta\u00f1o, en acto de agradecimiento por su asistencia a su oficial nombramiento en la Plaza de San Pedro."}

Misa y Procesión del Corpus Christi - Fiestas de San Juan

<blockquote class="wp-embedded-content" data-secret="TWMiUIjvuc"><a href="https://turismocoria.es/sanjuan/evento/misa-y-procesion-del-corpus-christi/">Misa y Procesión del Corpus Christi</a></blockquote><iframe sandbox="allow-scripts" security="restricted" src="https://turismocoria.es/sanjuan/evento/misa-y-procesion-del-corpus-christi/embed/#?secret=TWMiUIjvuc" width="600" height="338" title="«Misa y Procesión del Corpus Christi» — Fiestas de San Juan" data-secret="TWMiUIjvuc" frameborder="0" marginwidth="0" marginheight="0" scrolling="no" class="wp-embedded-content"></iframe><script type="text/javascript">
/* <![CDATA[ */
/*! This file is auto-generated */
!function(d,l){"use strict";l.querySelector&&d.addEventListener&&"undefined"!=typeof URL&&(d.wp=d.wp||{},d.wp.receiveEmbedMessage||(d.wp.receiveEmbedMessage=function(e){var t=e.data;if((t||t.secret||t.message||t.value)&&!/[^a-zA-Z0-9]/.test(t.secret)){for(var s,r,n,a=l.querySelectorAll('iframe[data-secret="'+t.secret+'"]'),o=l.querySelectorAll('blockquote[data-secret="'+t.secret+'"]'),c=new RegExp("^https?:$","i"),i=0;i<o.length;i++)o[i].style.display="none";for(i=0;i<a.length;i++)s=a[i],e.source===s.contentWindow&&(s.removeAttribute("style"),"height"===t.message?(1e3<(r=parseInt(t.value,10))?r=1e3:~~r<200&&(r=200),s.height=r):"link"===t.message&&(r=new URL(s.getAttribute("src")),n=new URL(t.value),c.test(n.protocol))&&n.host===r.host&&l.activeElement===s&&(d.top.location.href=t.value))}},d.addEventListener("message",d.wp.receiveEmbedMessage,!1),l.addEventListener("DOMContentLoaded",function(){for(var e,t,s=l.querySelectorAll("iframe.wp-embedded-content"),r=0;r<s.length;r++)(t=(e=s[r]).getAttribute("data-secret"))||(t=Math.random().toString(36).substring(2,12),e.src+="#?secret="+t,e.setAttribute("data-secret",t)),e.contentWindow.postMessage({message:"ready",secret:t},"*")},!1)))}(window,document);
//# sourceURL=https://turismocoria.es/sanjuan/wp-includes/js/wp-embed.min.js
/* ]]> */
</script>

Acto previo al nombramiento del Abanderado de las Fiestas de San Juan. Festividad de la Eucaristía por las angostas calles del Casco Histórico de Coria. Festividad religiosa de fecha movible dentro del calendario cristiano al depender de la celebración de la Pascua, en la que destaca la solemne Procesión de la Eucaristía por el Casco Histórico de la Ciudad de Coria que, presidida por el Obispo de la Diócesis acompañado por el Cabildo y la Corporación Municipal bajo mazas, congrega al pueblo cauriense para finalmente dar a conocer, desde el balcón Consistorial, al Abanderado, Reina y Damas de Honor de las Fiestas de San Juan. Perrunillas, floretas, gazpacho, más el tradicional ponche, se convierten este día en los ágapes con los que el recién proclamado Abanderado agasaja a sus conciudadanos y visitantes, como ya vino siendo tradición desde antaño, en acto de agradecimiento por su asistencia a su oficial nombramiento en la Plaza de San Pedro.
