{"id":608,"date":"2025-01-29T12:45:28","date_gmt":"2025-01-29T11:45:28","guid":{"rendered":"https:\/\/turismocoria.es\/cge2025\/?page_id=608"},"modified":"2025-01-29T12:53:38","modified_gmt":"2025-01-29T11:53:38","slug":"videos","status":"publish","type":"page","link":"https:\/\/turismocoria.es\/cge2025\/videos\/","title":{"rendered":"V\u00eddeos"},"content":{"rendered":"\n<p>V\u00eddeos relacionados con el proyecto \u00abCoria Ciudad Gastron\u00f3mica Extreme\u00f1a 2025\u00bb<\/p>\n\n\n\n<div class=\"wp-block-group is-layout-flow wp-block-group-is-layout-flow\">\n<h4 class=\"wp-block-heading\">V\u00eddeo Promocional<\/h4>\n\n\n\n<iframe width=\"560\" height=\"315\" data-src=\"https:\/\/www.youtube-nocookie.com\/embed\/EhG5Z11Qd-0?si=7mKIdc_h_J-TCW68\" title=\"YouTube video player\" frameborder=\"0\" allow=\"accelerometer; autoplay; clipboard-write; encrypted-media; gyroscope; picture-in-picture; web-share\" referrerpolicy=\"strict-origin-when-cross-origin\" allowfullscreen src=\"data:image\/svg+xml;base64,PHN2ZyB3aWR0aD0iMSIgaGVpZ2h0PSIxIiB4bWxucz0iaHR0cDovL3d3dy53My5vcmcvMjAwMC9zdmciPjwvc3ZnPg==\" class=\"lazyload\" data-load-mode=\"1\"><\/iframe>\n<\/div>\n\n\n\n<div class=\"wp-block-group is-layout-flow wp-block-group-is-layout-flow\">\n<h4 class=\"wp-block-heading\">Presentaci\u00f3n de Coria Ciudad Gastron\u00f3mica de Extremadura 2025 en Fitur (24\/01\/2025)<\/h4>\n\n\n\n<iframe width=\"560\" height=\"315\" data-src=\"https:\/\/www.youtube-nocookie.com\/embed\/fEzb_r09no8?si=kA4iH0o216A2rguN&amp;start=5198\" title=\"YouTube video player\" frameborder=\"0\" allow=\"accelerometer; autoplay; clipboard-write; encrypted-media; gyroscope; picture-in-picture; web-share\" referrerpolicy=\"strict-origin-when-cross-origin\" allowfullscreen src=\"data:image\/svg+xml;base64,PHN2ZyB3aWR0aD0iMSIgaGVpZ2h0PSIxIiB4bWxucz0iaHR0cDovL3d3dy53My5vcmcvMjAwMC9zdmciPjwvc3ZnPg==\" class=\"lazyload\" data-load-mode=\"1\"><\/iframe>\n<\/div>\n\n\n\n<div class=\"wp-block-group is-layout-flow wp-block-group-is-layout-flow\">\n<h4 class=\"wp-block-heading\">Gastroexperiencia de Coria Ciudad Gastron\u00f3mica de Extremadura 2025 en Fitur (24\/01\/2025)<\/h4>\n\n\n\n<iframe width=\"560\" height=\"315\" data-src=\"https:\/\/www.youtube-nocookie.com\/embed\/19viNLnEss4?si=SpMdLoScfRsftwwS&amp;start=9607\" title=\"YouTube video player\" frameborder=\"0\" allow=\"accelerometer; autoplay; clipboard-write; encrypted-media; gyroscope; picture-in-picture; web-share\" referrerpolicy=\"strict-origin-when-cross-origin\" allowfullscreen src=\"data:image\/svg+xml;base64,PHN2ZyB3aWR0aD0iMSIgaGVpZ2h0PSIxIiB4bWxucz0iaHR0cDovL3d3dy53My5vcmcvMjAwMC9zdmciPjwvc3ZnPg==\" class=\"lazyload\" data-load-mode=\"1\"><\/iframe>\n<\/div>\n\n\n\n<div class=\"wp-block-group is-layout-flow wp-block-group-is-layout-flow\">\n<h4 class=\"wp-block-heading\">Presentaci\u00f3n de Coria Ciudad Gastron\u00f3mica de Extremadura 2025 en el Ayuntamiento de Coria (21\/01\/2025)<\/h4>\n\n\n\n<iframe width=\"560\" height=\"315\" data-src=\"https:\/\/www.youtube-nocookie.com\/embed\/azXeDaHjfag?si=uJJarUsfY2qxN90s&amp;controls=0\" title=\"YouTube video player\" frameborder=\"0\" allow=\"accelerometer; autoplay; clipboard-write; encrypted-media; gyroscope; picture-in-picture; web-share\" referrerpolicy=\"strict-origin-when-cross-origin\" allowfullscreen src=\"data:image\/svg+xml;base64,PHN2ZyB3aWR0aD0iMSIgaGVpZ2h0PSIxIiB4bWxucz0iaHR0cDovL3d3dy53My5vcmcvMjAwMC9zdmciPjwvc3ZnPg==\" class=\"lazyload\" data-load-mode=\"1\"><\/iframe>\n<\/div>\n\n\n\n<p><\/p>\n","protected":false},"excerpt":{"rendered":"<p>V\u00eddeos relacionados con el proyecto \u00abCoria Ciudad Gastron\u00f3mica Extreme\u00f1a 2025\u00bb V\u00eddeo Promocional Presentaci\u00f3n de Coria Ciudad Gastron\u00f3mica de Extremadura 2025 en Fitur (24\/01\/2025) Gastroexperiencia de Coria Ciudad Gastron\u00f3mica de Extremadura 2025 en Fitur (24\/01\/2025) Presentaci\u00f3n de Coria Ciudad Gastron\u00f3mica de Extremadura 2025 en el Ayuntamiento de Coria (21\/01\/2025)<\/p>\n","protected":false},"author":1,"featured_media":0,"parent":0,"menu_order":0,"comment_status":"closed","ping_status":"closed","template":"","meta":{"_uag_custom_page_level_css":"","footnotes":""},"class_list":["post-608","page","type-page","status-publish","hentry"],"yoast_head":"<!-- This site is optimized with the Yoast SEO plugin v27.2 - https:\/\/yoast.com\/product\/yoast-seo-wordpress\/ -->\n<title>V\u00eddeos - Coria Ciudad Gastron\u00f3mica Extreme\u00f1a 2025<\/title>\n<meta name=\"robots\" content=\"index, follow, max-snippet:-1, max-image-preview:large, max-video-preview:-1\" \/>\n<link rel=\"canonical\" href=\"https:\/\/turismocoria.es\/cge2025\/videos\/\" \/>\n<meta property=\"og:locale\" content=\"es_ES\" \/>\n<meta property=\"og:type\" content=\"article\" \/>\n<meta property=\"og:title\" content=\"V\u00eddeos - Coria Ciudad Gastron\u00f3mica Extreme\u00f1a 2025\" \/>\n<meta property=\"og:description\" content=\"V\u00eddeos relacionados con el proyecto \u00abCoria Ciudad Gastron\u00f3mica Extreme\u00f1a 2025\u00bb V\u00eddeo Promocional Presentaci\u00f3n de Coria Ciudad Gastron\u00f3mica de Extremadura 2025 en Fitur (24\/01\/2025) Gastroexperiencia de Coria Ciudad Gastron\u00f3mica de Extremadura 2025 en Fitur (24\/01\/2025) Presentaci\u00f3n de Coria Ciudad Gastron\u00f3mica de Extremadura 2025 en el Ayuntamiento de Coria (21\/01\/2025)\" \/>\n<meta property=\"og:url\" content=\"https:\/\/turismocoria.es\/cge2025\/videos\/\" \/>\n<meta property=\"og:site_name\" content=\"Coria Ciudad Gastron\u00f3mica Extreme\u00f1a 2025\" \/>\n<meta property=\"article:modified_time\" content=\"2025-01-29T11:53:38+00:00\" \/>\n<meta name=\"twitter:card\" content=\"summary_large_image\" \/>\n<meta name=\"twitter:label1\" content=\"Tiempo de lectura\" \/>\n\t<meta name=\"twitter:data1\" content=\"1 minuto\" \/>\n<script type=\"application\/ld+json\" class=\"yoast-schema-graph\">{\"@context\":\"https:\/\/schema.org\",\"@graph\":[{\"@type\":\"WebPage\",\"@id\":\"https:\/\/turismocoria.es\/cge2025\/videos\/\",\"url\":\"https:\/\/turismocoria.es\/cge2025\/videos\/\",\"name\":\"V\u00eddeos - Coria Ciudad Gastron\u00f3mica Extreme\u00f1a 2025\",\"isPartOf\":{\"@id\":\"https:\/\/turismocoria.es\/cge2025\/#website\"},\"datePublished\":\"2025-01-29T11:45:28+00:00\",\"dateModified\":\"2025-01-29T11:53:38+00:00\",\"breadcrumb\":{\"@id\":\"https:\/\/turismocoria.es\/cge2025\/videos\/#breadcrumb\"},\"inLanguage\":\"es\",\"potentialAction\":[{\"@type\":\"ReadAction\",\"target\":[\"https:\/\/turismocoria.es\/cge2025\/videos\/\"]}]},{\"@type\":\"BreadcrumbList\",\"@id\":\"https:\/\/turismocoria.es\/cge2025\/videos\/#breadcrumb\",\"itemListElement\":[{\"@type\":\"ListItem\",\"position\":1,\"name\":\"Portada\",\"item\":\"https:\/\/turismocoria.es\/cge2025\/\"},{\"@type\":\"ListItem\",\"position\":2,\"name\":\"V\u00eddeos\"}]},{\"@type\":\"WebSite\",\"@id\":\"https:\/\/turismocoria.es\/cge2025\/#website\",\"url\":\"https:\/\/turismocoria.es\/cge2025\/\",\"name\":\"Coria Ciudad Gastron\u00f3mica Extreme\u00f1a 2025\",\"description\":\"\",\"publisher\":{\"@id\":\"https:\/\/turismocoria.es\/cge2025\/#organization\"},\"potentialAction\":[{\"@type\":\"SearchAction\",\"target\":{\"@type\":\"EntryPoint\",\"urlTemplate\":\"https:\/\/turismocoria.es\/cge2025\/?s={search_term_string}\"},\"query-input\":{\"@type\":\"PropertyValueSpecification\",\"valueRequired\":true,\"valueName\":\"search_term_string\"}}],\"inLanguage\":\"es\"},{\"@type\":\"Organization\",\"@id\":\"https:\/\/turismocoria.es\/cge2025\/#organization\",\"name\":\"Coria Ciudad Gastron\u00f3mica Extreme\u00f1a 2025\",\"url\":\"https:\/\/turismocoria.es\/cge2025\/\",\"logo\":{\"@type\":\"ImageObject\",\"inLanguage\":\"es\",\"@id\":\"https:\/\/turismocoria.es\/cge2025\/#\/schema\/logo\/image\/\",\"url\":\"https:\/\/turismocoria.es\/cge2025\/wp-content\/uploads\/2024\/09\/logo2-cge-2024.png\",\"contentUrl\":\"https:\/\/turismocoria.es\/cge2025\/wp-content\/uploads\/2024\/09\/logo2-cge-2024.png\",\"width\":880,\"height\":300,\"caption\":\"Coria Ciudad Gastron\u00f3mica  Extreme\u00f1a 2025\"},\"image\":{\"@id\":\"https:\/\/turismocoria.es\/cge2025\/#\/schema\/logo\/image\/\"}}]}<\/script>\n<!-- \/ Yoast SEO plugin. -->","yoast_head_json":{"title":"V\u00eddeos - Coria Ciudad Gastron\u00f3mica Extreme\u00f1a 2025","robots":{"index":"index","follow":"follow","max-snippet":"max-snippet:-1","max-image-preview":"max-image-preview:large","max-video-preview":"max-video-preview:-1"},"canonical":"https:\/\/turismocoria.es\/cge2025\/videos\/","og_locale":"es_ES","og_type":"article","og_title":"V\u00eddeos - Coria Ciudad Gastron\u00f3mica Extreme\u00f1a 2025","og_description":"V\u00eddeos relacionados con el proyecto \u00abCoria Ciudad Gastron\u00f3mica Extreme\u00f1a 2025\u00bb V\u00eddeo Promocional Presentaci\u00f3n de Coria Ciudad Gastron\u00f3mica de Extremadura 2025 en Fitur (24\/01\/2025) Gastroexperiencia de Coria Ciudad Gastron\u00f3mica de Extremadura 2025 en Fitur (24\/01\/2025) Presentaci\u00f3n de Coria Ciudad Gastron\u00f3mica de Extremadura 2025 en el Ayuntamiento de Coria (21\/01\/2025)","og_url":"https:\/\/turismocoria.es\/cge2025\/videos\/","og_site_name":"Coria Ciudad Gastron\u00f3mica Extreme\u00f1a 2025","article_modified_time":"2025-01-29T11:53:38+00:00","twitter_card":"summary_large_image","twitter_misc":{"Tiempo de lectura":"1 minuto"},"schema":{"@context":"https:\/\/schema.org","@graph":[{"@type":"WebPage","@id":"https:\/\/turismocoria.es\/cge2025\/videos\/","url":"https:\/\/turismocoria.es\/cge2025\/videos\/","name":"V\u00eddeos - Coria Ciudad Gastron\u00f3mica Extreme\u00f1a 2025","isPartOf":{"@id":"https:\/\/turismocoria.es\/cge2025\/#website"},"datePublished":"2025-01-29T11:45:28+00:00","dateModified":"2025-01-29T11:53:38+00:00","breadcrumb":{"@id":"https:\/\/turismocoria.es\/cge2025\/videos\/#breadcrumb"},"inLanguage":"es","potentialAction":[{"@type":"ReadAction","target":["https:\/\/turismocoria.es\/cge2025\/videos\/"]}]},{"@type":"BreadcrumbList","@id":"https:\/\/turismocoria.es\/cge2025\/videos\/#breadcrumb","itemListElement":[{"@type":"ListItem","position":1,"name":"Portada","item":"https:\/\/turismocoria.es\/cge2025\/"},{"@type":"ListItem","position":2,"name":"V\u00eddeos"}]},{"@type":"WebSite","@id":"https:\/\/turismocoria.es\/cge2025\/#website","url":"https:\/\/turismocoria.es\/cge2025\/","name":"Coria Ciudad Gastron\u00f3mica Extreme\u00f1a 2025","description":"","publisher":{"@id":"https:\/\/turismocoria.es\/cge2025\/#organization"},"potentialAction":[{"@type":"SearchAction","target":{"@type":"EntryPoint","urlTemplate":"https:\/\/turismocoria.es\/cge2025\/?s={search_term_string}"},"query-input":{"@type":"PropertyValueSpecification","valueRequired":true,"valueName":"search_term_string"}}],"inLanguage":"es"},{"@type":"Organization","@id":"https:\/\/turismocoria.es\/cge2025\/#organization","name":"Coria Ciudad Gastron\u00f3mica Extreme\u00f1a 2025","url":"https:\/\/turismocoria.es\/cge2025\/","logo":{"@type":"ImageObject","inLanguage":"es","@id":"https:\/\/turismocoria.es\/cge2025\/#\/schema\/logo\/image\/","url":"https:\/\/turismocoria.es\/cge2025\/wp-content\/uploads\/2024\/09\/logo2-cge-2024.png","contentUrl":"https:\/\/turismocoria.es\/cge2025\/wp-content\/uploads\/2024\/09\/logo2-cge-2024.png","width":880,"height":300,"caption":"Coria Ciudad Gastron\u00f3mica  Extreme\u00f1a 2025"},"image":{"@id":"https:\/\/turismocoria.es\/cge2025\/#\/schema\/logo\/image\/"}}]}},"uagb_featured_image_src":{"full":false,"thumbnail":false,"medium":false,"medium_large":false,"large":false,"thumblist":false,"thumbrelated":false,"meccarouselthumb":false,"gridsquare":false,"tileview":false,"1536x1536":false,"2048x2048":false},"uagb_author_info":{"display_name":"admingascge","author_link":"https:\/\/turismocoria.es\/cge2025\/author\/admingascge\/"},"uagb_comment_info":0,"uagb_excerpt":"V\u00eddeos relacionados con el proyecto \u00abCoria Ciudad Gastron\u00f3mica Extreme\u00f1a 2025\u00bb V\u00eddeo Promocional Presentaci\u00f3n de Coria Ciudad Gastron\u00f3mica de Extremadura 2025 en Fitur (24\/01\/2025) Gastroexperiencia de Coria Ciudad Gastron\u00f3mica de Extremadura 2025 en Fitur (24\/01\/2025) Presentaci\u00f3n de Coria Ciudad Gastron\u00f3mica de Extremadura 2025 en el Ayuntamiento de Coria (21\/01\/2025)","_links":{"self":[{"href":"https:\/\/turismocoria.es\/cge2025\/wp-json\/wp\/v2\/pages\/608","targetHints":{"allow":["GET"]}}],"collection":[{"href":"https:\/\/turismocoria.es\/cge2025\/wp-json\/wp\/v2\/pages"}],"about":[{"href":"https:\/\/turismocoria.es\/cge2025\/wp-json\/wp\/v2\/types\/page"}],"author":[{"embeddable":true,"href":"https:\/\/turismocoria.es\/cge2025\/wp-json\/wp\/v2\/users\/1"}],"replies":[{"embeddable":true,"href":"https:\/\/turismocoria.es\/cge2025\/wp-json\/wp\/v2\/comments?post=608"}],"version-history":[{"count":5,"href":"https:\/\/turismocoria.es\/cge2025\/wp-json\/wp\/v2\/pages\/608\/revisions"}],"predecessor-version":[{"id":615,"href":"https:\/\/turismocoria.es\/cge2025\/wp-json\/wp\/v2\/pages\/608\/revisions\/615"}],"wp:attachment":[{"href":"https:\/\/turismocoria.es\/cge2025\/wp-json\/wp\/v2\/media?parent=608"}],"curies":[{"name":"wp","href":"https:\/\/api.w.org\/{rel}","templated":true}]}}

Vídeos

<p>Vídeos relacionados con el proyecto «Coria Ciudad Gastronómica Extremeña 2025»</p>



<div class="wp-block-group is-layout-flow wp-block-group-is-layout-flow">
<h4 class="wp-block-heading">Vídeo Promocional</h4>



<iframe width="560" height="315" data-src="https://www.youtube-nocookie.com/embed/EhG5Z11Qd-0?si=7mKIdc_h_J-TCW68" title="YouTube video player" frameborder="0" allow="accelerometer; autoplay; clipboard-write; encrypted-media; gyroscope; picture-in-picture; web-share" referrerpolicy="strict-origin-when-cross-origin" allowfullscreen src="data:image/svg+xml;base64,PHN2ZyB3aWR0aD0iMSIgaGVpZ2h0PSIxIiB4bWxucz0iaHR0cDovL3d3dy53My5vcmcvMjAwMC9zdmciPjwvc3ZnPg==" class="lazyload" data-load-mode="1"></iframe>
</div>



<div class="wp-block-group is-layout-flow wp-block-group-is-layout-flow">
<h4 class="wp-block-heading">Presentación de Coria Ciudad Gastronómica de Extremadura 2025 en Fitur (24/01/2025)</h4>



<iframe width="560" height="315" data-src="https://www.youtube-nocookie.com/embed/fEzb_r09no8?si=kA4iH0o216A2rguN&amp;start=5198" title="YouTube video player" frameborder="0" allow="accelerometer; autoplay; clipboard-write; encrypted-media; gyroscope; picture-in-picture; web-share" referrerpolicy="strict-origin-when-cross-origin" allowfullscreen src="data:image/svg+xml;base64,PHN2ZyB3aWR0aD0iMSIgaGVpZ2h0PSIxIiB4bWxucz0iaHR0cDovL3d3dy53My5vcmcvMjAwMC9zdmciPjwvc3ZnPg==" class="lazyload" data-load-mode="1"></iframe>
</div>



<div class="wp-block-group is-layout-flow wp-block-group-is-layout-flow">
<h4 class="wp-block-heading">Gastroexperiencia de Coria Ciudad Gastronómica de Extremadura 2025 en Fitur (24/01/2025)</h4>



<iframe width="560" height="315" data-src="https://www.youtube-nocookie.com/embed/19viNLnEss4?si=SpMdLoScfRsftwwS&amp;start=9607" title="YouTube video player" frameborder="0" allow="accelerometer; autoplay; clipboard-write; encrypted-media; gyroscope; picture-in-picture; web-share" referrerpolicy="strict-origin-when-cross-origin" allowfullscreen src="data:image/svg+xml;base64,PHN2ZyB3aWR0aD0iMSIgaGVpZ2h0PSIxIiB4bWxucz0iaHR0cDovL3d3dy53My5vcmcvMjAwMC9zdmciPjwvc3ZnPg==" class="lazyload" data-load-mode="1"></iframe>
</div>



<div class="wp-block-group is-layout-flow wp-block-group-is-layout-flow">
<h4 class="wp-block-heading">Presentación de Coria Ciudad Gastronómica de Extremadura 2025 en el Ayuntamiento de Coria (21/01/2025)</h4>



<iframe width="560" height="315" data-src="https://www.youtube-nocookie.com/embed/azXeDaHjfag?si=uJJarUsfY2qxN90s&amp;controls=0" title="YouTube video player" frameborder="0" allow="accelerometer; autoplay; clipboard-write; encrypted-media; gyroscope; picture-in-picture; web-share" referrerpolicy="strict-origin-when-cross-origin" allowfullscreen src="data:image/svg+xml;base64,PHN2ZyB3aWR0aD0iMSIgaGVpZ2h0PSIxIiB4bWxucz0iaHR0cDovL3d3dy53My5vcmcvMjAwMC9zdmciPjwvc3ZnPg==" class="lazyload" data-load-mode="1"></iframe>
</div>



<p></p>

<p>Vídeos relacionados con el proyecto «Coria Ciudad Gastronómica Extremeña 2025» Vídeo Promocional Presentación de Coria Ciudad Gastronómica de Extremadura 2025 en Fitur (24/01/2025) Gastroexperiencia de Coria Ciudad Gastronómica de Extremadura 2025 en Fitur (24/01/2025) Presentación de Coria Ciudad Gastronómica de Extremadura 2025 en el Ayuntamiento de Coria (21/01/2025)</p>

<!-- This site is optimized with the Yoast SEO plugin v27.2 - https://yoast.com/product/yoast-seo-wordpress/ -->
<title>Vídeos - Coria Ciudad Gastronómica Extremeña 2025</title>
<meta name="robots" content="index, follow, max-snippet:-1, max-image-preview:large, max-video-preview:-1" />
<link rel="canonical" href="https://turismocoria.es/cge2025/videos/" />
<meta property="og:locale" content="es_ES" />
<meta property="og:type" content="article" />
<meta property="og:title" content="Vídeos - Coria Ciudad Gastronómica Extremeña 2025" />
<meta property="og:description" content="Vídeos relacionados con el proyecto «Coria Ciudad Gastronómica Extremeña 2025» Vídeo Promocional Presentación de Coria Ciudad Gastronómica de Extremadura 2025 en Fitur (24/01/2025) Gastroexperiencia de Coria Ciudad Gastronómica de Extremadura 2025 en Fitur (24/01/2025) Presentación de Coria Ciudad Gastronómica de Extremadura 2025 en el Ayuntamiento de Coria (21/01/2025)" />
<meta property="og:url" content="https://turismocoria.es/cge2025/videos/" />
<meta property="og:site_name" content="Coria Ciudad Gastronómica Extremeña 2025" />
<meta property="article:modified_time" content="2025-01-29T11:53:38+00:00" />
<meta name="twitter:card" content="summary_large_image" />
<meta name="twitter:label1" content="Tiempo de lectura" />
	<meta name="twitter:data1" content="1 minuto" />
<script type="application/ld+json" class="yoast-schema-graph">{"@context":"https://schema.org","@graph":[{"@type":"WebPage","@id":"https://turismocoria.es/cge2025/videos/","url":"https://turismocoria.es/cge2025/videos/","name":"Vídeos - Coria Ciudad Gastronómica Extremeña 2025","isPartOf":{"@id":"https://turismocoria.es/cge2025/#website"},"datePublished":"2025-01-29T11:45:28+00:00","dateModified":"2025-01-29T11:53:38+00:00","breadcrumb":{"@id":"https://turismocoria.es/cge2025/videos/#breadcrumb"},"inLanguage":"es","potentialAction":[{"@type":"ReadAction","target":["https://turismocoria.es/cge2025/videos/"]}]},{"@type":"BreadcrumbList","@id":"https://turismocoria.es/cge2025/videos/#breadcrumb","itemListElement":[{"@type":"ListItem","position":1,"name":"Portada","item":"https://turismocoria.es/cge2025/"},{"@type":"ListItem","position":2,"name":"Vídeos"}]},{"@type":"WebSite","@id":"https://turismocoria.es/cge2025/#website","url":"https://turismocoria.es/cge2025/","name":"Coria Ciudad Gastronómica Extremeña 2025","description":"","publisher":{"@id":"https://turismocoria.es/cge2025/#organization"},"potentialAction":[{"@type":"SearchAction","target":{"@type":"EntryPoint","urlTemplate":"https://turismocoria.es/cge2025/?s={search_term_string}"},"query-input":{"@type":"PropertyValueSpecification","valueRequired":true,"valueName":"search_term_string"}}],"inLanguage":"es"},{"@type":"Organization","@id":"https://turismocoria.es/cge2025/#organization","name":"Coria Ciudad Gastronómica Extremeña 2025","url":"https://turismocoria.es/cge2025/","logo":{"@type":"ImageObject","inLanguage":"es","@id":"https://turismocoria.es/cge2025/#/schema/logo/image/","url":"https://turismocoria.es/cge2025/wp-content/uploads/2024/09/logo2-cge-2024.png","contentUrl":"https://turismocoria.es/cge2025/wp-content/uploads/2024/09/logo2-cge-2024.png","width":880,"height":300,"caption":"Coria Ciudad Gastronómica  Extremeña 2025"},"image":{"@id":"https://turismocoria.es/cge2025/#/schema/logo/image/"}}]}</script>
<!-- / Yoast SEO plugin. -->

Vídeos - Coria Ciudad Gastronómica Extremeña 2025

Vídeos relacionados con el proyecto «Coria Ciudad Gastronómica Extremeña 2025» Vídeo Promocional Presentación de Coria Ciudad Gastronómica de Extremadura 2025 en Fitur (24/01/2025) Gastroexperiencia de Coria Ciudad Gastronómica de Extremadura 2025 en Fitur (24/01/2025) Presentación de Coria Ciudad Gastronómica de Extremadura 2025 en el Ayuntamiento de Coria (21/01/2025)

Coria Ciudad Gastronómica Extremeña 2025

Coria Ciudad Gastronómica  Extremeña 2025
